Last updated on 2024-04-18 03:51:59 CEST.
Flavor | Version | Tinstall | Tcheck | Ttotal | Status | Flags |
---|---|---|---|---|---|---|
r-devel-linux-x86_64-debian-clang | 1.0.1 | 38.16 | 488.01 | 526.17 | OK | |
r-devel-linux-x86_64-debian-gcc | 1.0.1 | 32.58 | 342.04 | 374.62 | OK | |
r-devel-linux-x86_64-fedora-clang | 1.0.1 | 643.03 | NOTE | |||
r-devel-linux-x86_64-fedora-gcc | 1.0.1 | 625.58 | OK | |||
r-prerel-macos-arm64 | 1.0.1 | 146.00 | NOTE | |||
r-prerel-windows-x86_64 | 1.0.1 | 36.00 | 322.00 | 358.00 | NOTE | |
r-patched-linux-x86_64 | 1.0.1 | 45.98 | 459.29 | 505.27 | OK | |
r-release-linux-x86_64 | 1.0.1 | 40.09 | 458.86 | 498.95 | OK | |
r-release-macos-arm64 | 1.0.1 | 155.00 | NOTE | |||
r-release-macos-x86_64 | 1.0.1 | 331.00 | NOTE | |||
r-release-windows-x86_64 | 1.0.1 | 51.00 | 432.00 | 483.00 | NOTE | |
r-oldrel-macos-arm64 | 1.0.1 | 141.00 | NOTE | |||
r-oldrel-windows-x86_64 | 1.0.1 | 49.00 | 419.00 | 468.00 | NOTE |
Version: 1.0.1
Check: installed package size
Result: NOTE
installed size is 5.2Mb
sub-directories of 1Mb or more:
R 1.2Mb
doc-software 2.4Mb
Flavors: r-devel-linux-x86_64-fedora-clang, r-prerel-macos-arm64, r-prerel-windows-x86_64, r-release-macos-arm64, r-release-macos-x86_64, r-release-windows-x86_64, r-oldrel-macos-arm64, r-oldrel-windows-x86_64