Last updated on 2022-05-20 12:53:28 CEST.
Flavor | Version | Tinstall | Tcheck | Ttotal | Status | Flags |
---|---|---|---|---|---|---|
r-devel-linux-x86_64-debian-clang | 0.1.0 | 315.11 | 231.69 | 546.80 | NOTE | |
r-devel-linux-x86_64-debian-gcc | 0.1.0 | 262.18 | 177.92 | 440.10 | NOTE | |
r-devel-linux-x86_64-fedora-clang | 0.1.0 | 736.88 | NOTE | |||
r-devel-windows-x86_64 | 0.1.0 | 193.00 | 281.00 | 474.00 | NOTE | |
r-patched-linux-x86_64 | 0.1.0 | 213.52 | 232.37 | 445.89 | NOTE | |
r-release-linux-x86_64 | 0.1.0 | 200.58 | 233.89 | 434.47 | NOTE | |
r-release-macos-arm64 | 0.1.0 | 163.00 | NOTE | |||
r-release-macos-x86_64 | 0.1.0 | 349.00 | NOTE | |||
r-release-windows-x86_64 | 0.1.0 | 201.00 | 282.00 | 483.00 | NOTE | |
r-oldrel-macos-arm64 | 0.1.0 | 206.00 | NOTE | |||
r-oldrel-macos-x86_64 | 0.1.0 | 295.00 | NOTE | |||
r-oldrel-windows-ix86+x86_64 | 0.1.0 | 462.00 | 9.00 | 471.00 | ERROR |
Version: 0.1.0
Check: for GNU extensions in Makefiles
Result: NOTE
GNU make is a SystemRequirements.
Flavors: r-devel-linux-x86_64-debian-clang, r-devel-linux-x86_64-debian-gcc, r-devel-linux-x86_64-fedora-clang, r-devel-windows-x86_64, r-patched-linux-x86_64, r-release-linux-x86_64, r-release-macos-arm64, r-release-macos-x86_64, r-release-windows-x86_64, r-oldrel-macos-arm64, r-oldrel-macos-x86_64
Version: 0.1.0
Check: installed package size
Result: NOTE
installed size is 43.8Mb
sub-directories of 1Mb or more:
libs 42.8Mb
Flavors: r-devel-linux-x86_64-fedora-clang, r-release-macos-arm64, r-release-macos-x86_64, r-oldrel-macos-arm64, r-oldrel-macos-x86_64
Version: 0.1.0
Check: dependencies in R code
Result: NOTE
Namespace in Imports field not imported from: ‘rstantools’
All declared Imports should be used.
Flavors: r-devel-linux-x86_64-fedora-clang, r-release-macos-arm64, r-release-macos-x86_64, r-oldrel-macos-arm64, r-oldrel-macos-x86_64
Version: 0.1.0
Check: whether package can be installed
Result: ERROR
Installation failed.
Flavor: r-oldrel-windows-ix86+x86_64