CRAN Package Check Results for Package LLSR

Last updated on 2020-07-03 03:47:11 CEST.

Flavor Version Tinstall Tcheck Ttotal Status Flags
r-devel-linux-x86_64-debian-clang 0.0.2.19 9.99 74.39 84.38 OK
r-devel-linux-x86_64-debian-gcc 0.0.2.19 8.74 56.64 65.38 OK
r-devel-linux-x86_64-fedora-clang 0.0.2.19 110.58 NOTE
r-devel-linux-x86_64-fedora-gcc 0.0.2.19 104.21 NOTE
r-devel-windows-ix86+x86_64 0.0.2.19 26.00 112.00 138.00 OK
r-patched-linux-x86_64 0.0.2.19 9.17 71.88 81.05 OK
r-release-linux-x86_64 0.0.2.19 8.48 72.45 80.93 OK
r-release-osx-x86_64 0.0.2.19 NOTE
r-release-windows-ix86+x86_64 0.0.2.19 20.00 89.00 109.00 OK
r-oldrel-osx-x86_64 0.0.2.19 NOTE
r-oldrel-windows-ix86+x86_64 0.0.2.19 34.00 112.00 146.00 OK

Check Details

Version: 0.0.2.19
Check: data for non-ASCII characters
Result: NOTE
     Note: found 109 marked UTF-8 strings
Flavors: r-devel-linux-x86_64-fedora-clang, r-devel-linux-x86_64-fedora-gcc, r-release-osx-x86_64, r-oldrel-osx-x86_64