Last updated on 2023-04-02 12:56:05 CEST.
Flavor | Version | Tinstall | Tcheck | Ttotal | Status | Flags |
---|---|---|---|---|---|---|
r-devel-linux-x86_64-debian-clang | 1.3.3 | 6.56 | 99.55 | 106.11 | NOTE | |
r-devel-linux-x86_64-debian-gcc | 1.3.3 | 5.23 | 68.65 | 73.88 | NOTE | |
r-devel-linux-x86_64-fedora-clang | 1.3.3 | 130.74 | NOTE | |||
r-devel-linux-x86_64-fedora-gcc | 1.3.3 | 136.71 | NOTE | |||
r-devel-windows-x86_64 | 1.3.3 | 7.00 | 117.00 | 124.00 | NOTE | |
r-patched-linux-x86_64 | 1.3.3 | 6.29 | 95.46 | 101.75 | NOTE | |
r-release-linux-x86_64 | 1.3.3 | 5.38 | 93.83 | 99.21 | OK | |
r-release-macos-arm64 | 1.3.3 | 42.00 | OK | |||
r-release-macos-x86_64 | 1.3.3 | 43.00 | OK | |||
r-release-windows-x86_64 | 1.3.3 | 20.00 | 119.00 | 139.00 | OK | |
r-oldrel-macos-arm64 | 1.3.3 | 29.00 | OK | |||
r-oldrel-macos-x86_64 | 1.3.3 | 46.00 | OK | |||
r-oldrel-windows-ix86+x86_64 | 1.3.3 | 11.00 | 123.00 | 134.00 | OK |
Version: 1.3.3
Check: package subdirectories
Result: NOTE
Problems with news in ‘NEWS.md’:
No news entries found.
Flavors: r-devel-linux-x86_64-debian-clang, r-devel-linux-x86_64-debian-gcc, r-devel-linux-x86_64-fedora-clang, r-devel-linux-x86_64-fedora-gcc, r-devel-windows-x86_64, r-patched-linux-x86_64