CRAN Package Check Results for Package L0Learn

Last updated on 2024-02-23 06:50:32 CET.

Flavor Version Tinstall Tcheck Ttotal Status Flags
r-devel-linux-x86_64-debian-clang 2.1.0 NOTE
r-devel-linux-x86_64-debian-gcc 2.1.0 211.05 115.53 326.58 NOTE
r-devel-linux-x86_64-fedora-clang 2.1.0 633.30 NOTE
r-devel-linux-x86_64-fedora-gcc 2.1.0 650.48 NOTE
r-devel-windows-x86_64 2.1.0 196.00 162.00 358.00 OK
r-patched-linux-x86_64 2.1.0 255.41 149.26 404.67 OK
r-release-linux-x86_64 2.1.0 267.00 154.24 421.24 OK
r-release-macos-arm64 2.1.0 162.00 NOTE
r-release-macos-x86_64 2.1.0 269.00 NOTE
r-release-windows-x86_64 2.1.0 247.00 209.00 456.00 OK
r-oldrel-macos-arm64 2.1.0 118.00 NOTE
r-oldrel-windows-x86_64 2.1.0 240.00 202.00 442.00 OK

Check Details

Version: 2.1.0
Check: Rd files
Result: NOTE checkRd: (-1) GenSyntheticLogistic.Rd:46: Lost braces; missing escapes or markup? 46 | 3) Every coordinate yi of the outcome vector y exists in {-1, 1}^n is sampled | ^ checkRd: (-1) L0Learn-package.Rd:20: Lost braces in \itemize; meant \describe ? checkRd: (-1) L0Learn-package.Rd:21: Lost braces in \itemize; meant \describe ? checkRd: (-1) L0Learn-package.Rd:22: Lost braces in \itemize; meant \describe ? checkRd: (-1) L0Learn-package.Rd:23: Lost braces in \itemize; meant \describe ? checkRd: (-1) L0Learn-package.Rd:24: Lost braces in \itemize; meant \describe ? checkRd: (-1) L0Learn-package.Rd:25: Lost braces in \itemize; meant \describe ? Flavors: r-devel-linux-x86_64-debian-clang, r-devel-linux-x86_64-debian-gcc, r-devel-linux-x86_64-fedora-clang, r-devel-linux-x86_64-fedora-gcc

Version: 2.1.0
Check: installed package size
Result: NOTE installed size is 13.5Mb sub-directories of 1Mb or more: doc 2.4Mb libs 10.9Mb Flavors: r-release-macos-arm64, r-release-macos-x86_64, r-oldrel-macos-arm64