Last updated on 2023-03-28 12:54:44 CEST.
Flavor | Version | Tinstall | Tcheck | Ttotal | Status | Flags |
---|---|---|---|---|---|---|
r-devel-linux-x86_64-debian-clang | 0.2.1 | 5.30 | 60.27 | 65.57 | OK | |
r-devel-linux-x86_64-debian-gcc | 0.2.1 | 5.09 | 45.09 | 50.18 | OK | |
r-devel-linux-x86_64-fedora-clang | 0.2.1 | 86.55 | NOTE | |||
r-devel-linux-x86_64-fedora-gcc | 0.2.1 | 94.87 | NOTE | |||
r-devel-windows-x86_64 | 0.2.1 | 32.00 | 101.00 | 133.00 | OK | |
r-patched-linux-x86_64 | 0.2.1 | 6.07 | 57.04 | 63.11 | OK | |
r-release-linux-x86_64 | 0.2.1 | 5.14 | 57.84 | 62.98 | OK | |
r-release-macos-arm64 | 0.2.1 | 27.00 | NOTE | |||
r-release-macos-x86_64 | 0.2.1 | 51.00 | NOTE | |||
r-release-windows-x86_64 | 0.2.1 | 56.00 | 110.00 | 166.00 | OK | |
r-oldrel-macos-arm64 | 0.2.1 | 36.00 | NOTE | |||
r-oldrel-macos-x86_64 | 0.2.1 | 53.00 | NOTE | |||
r-oldrel-windows-ix86+x86_64 | 0.2.1 | 14.00 | 89.00 | 103.00 | OK |
Version: 0.2.1
Check: dependencies in R code
Result: NOTE
Namespaces in Imports field not imported from:
‘dplyr’ ‘tibble’
All declared Imports should be used.
Flavors: r-devel-linux-x86_64-fedora-clang, r-devel-linux-x86_64-fedora-gcc, r-release-macos-arm64, r-release-macos-x86_64, r-oldrel-macos-arm64, r-oldrel-macos-x86_64