Last updated on 2024-04-25 07:59:56 CEST.
Flavor | Version | Tinstall | Tcheck | Ttotal | Status | Flags |
---|---|---|---|---|---|---|
r-devel-linux-x86_64-debian-clang | 6.4 | 34.23 | 56.25 | 90.48 | NOTE | |
r-devel-linux-x86_64-debian-gcc | 6.4 | 24.00 | 41.04 | 65.04 | NOTE | |
r-devel-linux-x86_64-fedora-clang | 6.4 | 121.33 | NOTE | |||
r-devel-linux-x86_64-fedora-gcc | 6.4 | 114.93 | NOTE | |||
r-devel-windows-x86_64 | 6.4 | 33.00 | 79.00 | 112.00 | NOTE | |
r-patched-linux-x86_64 | 6.4 | 36.22 | 53.11 | 89.33 | NOTE | |
r-release-linux-x86_64 | 6.4 | 30.26 | 53.73 | 83.99 | OK | |
r-release-macos-arm64 | 6.4 | 31.00 | NOTE | |||
r-release-windows-x86_64 | 6.4 | 28.00 | 79.00 | 107.00 | NOTE | |
r-oldrel-macos-arm64 | 6.4 | 36.00 | OK | |||
r-oldrel-macos-x86_64 | 6.4 | 53.00 | OK | |||
r-oldrel-windows-x86_64 | 6.4 | 40.00 | 89.00 | 129.00 | OK |
Version: 6.4
Check: Rd files
Result: NOTE
checkRd: (-1) subjOCCDIF.Rd:23: Lost braces
23 | the scale on which to evaluate each subject. \code{stype = "ObsScore"} uses the subject's total score. \code{stype = "Theta"} uses the subject's rank on the \code{thetadist} scale. \code{stype = "ThetaML"} uses the maximum likelihood estimate for the subject on the \code{thetadist} scale. code{stype = "ScoreML"} uses the maximum likelihood estimate for the subject on the overall test score scale.
| ^
Flavors: r-devel-linux-x86_64-debian-clang, r-devel-linux-x86_64-debian-gcc, r-devel-linux-x86_64-fedora-clang, r-devel-linux-x86_64-fedora-gcc, r-devel-windows-x86_64, r-patched-linux-x86_64, r-release-macos-arm64, r-release-windows-x86_64
Version: 6.4
Check: compiled code
Result: NOTE
File ‘KernSmoothIRT/libs/KernSmoothIRT.so’:
Found no calls to: ‘R_registerRoutines’, ‘R_useDynamicSymbols’
It is good practice to register native routines and to disable symbol
search.
See ‘Writing portable packages’ in the ‘Writing R Extensions’ manual.
Flavors: r-devel-linux-x86_64-fedora-clang, r-devel-linux-x86_64-fedora-gcc