CRAN Package Check Results for Package KenSyn

Last updated on 2023-12-03 21:49:17 CET.

Flavor Version Tinstall Tcheck Ttotal Status Flags
r-devel-linux-x86_64-debian-clang 0.3 2.44 20.72 23.16 OK
r-devel-linux-x86_64-debian-gcc 0.3 1.85 16.54 18.39 OK
r-devel-linux-x86_64-fedora-clang 0.3 30.05 NOTE
r-devel-linux-x86_64-fedora-gcc 0.3 28.46 NOTE
r-devel-windows-x86_64 0.3 4.00 41.00 45.00 OK
r-patched-linux-x86_64 0.3 1.76 21.48 23.24 OK
r-release-linux-x86_64 0.3 1.94 21.66 23.60 OK
r-release-macos-arm64 0.3 18.00 OK
r-release-macos-x86_64 0.3 19.00 OK
r-release-windows-x86_64 0.3 4.00 41.00 45.00 OK
r-oldrel-macos-arm64 0.3 15.00 NOTE
r-oldrel-macos-x86_64 0.3 24.00 NOTE
r-oldrel-windows-x86_64 0.3 4.00 43.00 47.00 OK

Check Details

Version: 0.3
Check: dependencies in R code
Result: NOTE Namespaces in Imports field not imported from: ‘lme4’ ‘metafor’ ‘nlme’ All declared Imports should be used. Flavors: r-devel-linux-x86_64-fedora-clang, r-devel-linux-x86_64-fedora-gcc, r-oldrel-macos-arm64, r-oldrel-macos-x86_64