Last updated on 2022-05-28 11:52:07 CEST.
Flavor | Version | Tinstall | Tcheck | Ttotal | Status | Flags |
---|---|---|---|---|---|---|
r-devel-linux-x86_64-debian-clang | 1.4.0 | 3.31 | 42.11 | 45.42 | NOTE | |
r-devel-linux-x86_64-debian-gcc | 1.4.0 | 2.41 | 32.44 | 34.85 | NOTE | |
r-devel-linux-x86_64-fedora-clang | 1.4.0 | 56.82 | NOTE | |||
r-devel-linux-x86_64-fedora-gcc | 1.4.0 | 53.71 | NOTE | |||
r-devel-windows-x86_64 | 1.4.0 | 13.00 | 56.00 | 69.00 | NOTE | |
r-patched-linux-x86_64 | 1.4.0 | 3.41 | 40.99 | 44.40 | NOTE | |
r-release-linux-x86_64 | 1.4.0 | 3.25 | 41.21 | 44.46 | NOTE | |
r-release-macos-arm64 | 1.4.0 | 19.00 | NOTE | |||
r-release-macos-x86_64 | 1.4.0 | 26.00 | NOTE | |||
r-release-windows-x86_64 | 1.4.0 | 22.00 | 58.00 | 80.00 | NOTE | |
r-oldrel-macos-arm64 | 1.4.0 | 23.00 | NOTE | |||
r-oldrel-macos-x86_64 | 1.4.0 | 33.00 | NOTE | |||
r-oldrel-windows-ix86+x86_64 | 1.4.0 | 7.00 | 54.00 | 61.00 | NOTE |
Version: 1.4.0
Check: LazyData
Result: NOTE
'LazyData' is specified without a 'data' directory
Flavors: r-devel-linux-x86_64-debian-clang, r-devel-linux-x86_64-debian-gcc, r-devel-linux-x86_64-fedora-clang, r-devel-linux-x86_64-fedora-gcc, r-devel-windows-x86_64, r-patched-linux-x86_64, r-release-linux-x86_64, r-release-macos-arm64, r-release-macos-x86_64, r-release-windows-x86_64, r-oldrel-macos-arm64, r-oldrel-macos-x86_64, r-oldrel-windows-ix86+x86_64