Last updated on 2024-03-28 06:52:51 CET.
Flavor | Version | Tinstall | Tcheck | Ttotal | Status | Flags |
---|---|---|---|---|---|---|
r-devel-linux-x86_64-debian-clang | 0.1.1 | 2.40 | 143.74 | 146.14 | OK | |
r-devel-linux-x86_64-debian-gcc | 0.1.1 | 2.66 | 103.82 | 106.48 | OK | |
r-devel-linux-x86_64-fedora-clang | 0.1.1 | 191.52 | NOTE | |||
r-devel-linux-x86_64-fedora-gcc | 0.1.1 | 188.61 | NOTE | |||
r-devel-windows-x86_64 | 0.1.1 | 5.00 | 136.00 | 141.00 | OK | |
r-patched-linux-x86_64 | 0.1.1 | 3.72 | 142.02 | 145.74 | OK | |
r-release-linux-x86_64 | 0.1.1 | 3.64 | 136.63 | 140.27 | OK | |
r-release-macos-arm64 | 0.1.1 | 61.00 | OK | |||
r-release-macos-x86_64 | 0.1.1 | 81.00 | OK | |||
r-release-windows-x86_64 | 0.1.1 | 6.00 | 163.00 | 169.00 | OK | |
r-oldrel-macos-arm64 | 0.1.1 | 50.00 | NOTE | |||
r-oldrel-windows-x86_64 | 0.1.1 | 6.00 | 169.00 | 175.00 | OK |
Version: 0.1.1
Check: dependencies in R code
Result: NOTE
Namespaces in Imports field not imported from:
‘Superpower’ ‘pwr’ ‘shinydashboard’
All declared Imports should be used.
Flavors: r-devel-linux-x86_64-fedora-clang, r-devel-linux-x86_64-fedora-gcc, r-oldrel-macos-arm64