CRAN Package Check Results for Package JSconsole

Last updated on 2022-12-10 02:49:30 CET.

Flavor Version Tinstall Tcheck Ttotal Status Flags
r-devel-linux-x86_64-debian-clang 0.1.0 2.96 27.95 30.91 NOTE
r-devel-linux-x86_64-debian-gcc 0.1.0 2.40 22.21 24.61 NOTE
r-devel-linux-x86_64-fedora-clang 0.1.0 49.76 NOTE
r-devel-linux-x86_64-fedora-gcc 0.1.0 47.61 NOTE
r-devel-windows-x86_64 0.1.0 9.00 52.00 61.00 NOTE
r-patched-linux-x86_64 0.1.0 2.68 27.37 30.05 NOTE
r-release-linux-x86_64 0.1.0 2.92 27.75 30.67 NOTE
r-release-macos-arm64 0.1.0 16.00 NOTE
r-release-macos-x86_64 0.1.0 22.00 NOTE
r-release-windows-x86_64 0.1.0 11.00 55.00 66.00 NOTE
r-oldrel-macos-arm64 0.1.0 18.00 NOTE
r-oldrel-macos-x86_64 0.1.0 28.00 NOTE
r-oldrel-windows-ix86+x86_64 0.1.0 10.00 62.00 72.00 NOTE

Check Details

Version: 0.1.0
Check: LazyData
Result: NOTE
     'LazyData' is specified without a 'data' directory
Flavors: r-devel-linux-x86_64-debian-clang, r-devel-linux-x86_64-debian-gcc, r-devel-linux-x86_64-fedora-clang, r-devel-linux-x86_64-fedora-gcc, r-devel-windows-x86_64, r-patched-linux-x86_64, r-release-linux-x86_64, r-release-macos-arm64, r-release-macos-x86_64, r-release-windows-x86_64, r-oldrel-macos-arm64, r-oldrel-macos-x86_64, r-oldrel-windows-ix86+x86_64