Last updated on 2023-12-01 12:52:23 CET.
Flavor | Version | Tinstall | Tcheck | Ttotal | Status | Flags |
---|---|---|---|---|---|---|
r-devel-linux-x86_64-debian-clang | 1.0.1 | 276.67 | 199.86 | 476.53 | OK | |
r-devel-linux-x86_64-debian-gcc | 1.0.1 | 186.82 | 149.44 | 336.26 | OK | |
r-devel-linux-x86_64-fedora-clang | 1.0.1 | 711.94 | OK | |||
r-devel-linux-x86_64-fedora-gcc | 1.0.1 | 679.44 | OK | |||
r-devel-windows-x86_64 | 1.0.1 | 222.00 | 206.00 | 428.00 | OK | |
r-patched-linux-x86_64 | 1.0.1 | 214.67 | 206.49 | 421.16 | OK | |
r-release-linux-x86_64 | 1.0.1 | 224.53 | 204.10 | 428.63 | OK | |
r-release-macos-arm64 | 1.0.1 | 177.00 | NOTE | |||
r-release-macos-x86_64 | 1.0.1 | 309.00 | NOTE | |||
r-release-windows-x86_64 | 1.0.1 | 287.00 | 229.00 | 516.00 | OK | |
r-oldrel-macos-arm64 | 1.0.1 | 167.00 | NOTE | |||
r-oldrel-macos-x86_64 | 1.0.1 | 220.00 | NOTE | |||
r-oldrel-windows-x86_64 | 1.0.1 | 262.00 | 230.00 | 492.00 | OK |
Version: 1.0.1
Check: installed package size
Result: NOTE
installed size is 16.9Mb
sub-directories of 1Mb or more:
libs 16.4Mb
Flavors: r-release-macos-arm64, r-release-macos-x86_64, r-oldrel-macos-arm64, r-oldrel-macos-x86_64