Last updated on 2024-04-24 06:19:18 CEST.
Flavor | Version | Tinstall | Tcheck | Ttotal | Status | Flags |
---|---|---|---|---|---|---|
r-devel-linux-x86_64-debian-clang | 0.1.19 | 24.74 | 195.68 | 220.42 | OK | |
r-devel-linux-x86_64-debian-gcc | 0.1.19 | 14.82 | 141.37 | 156.19 | OK | |
r-devel-linux-x86_64-fedora-clang | 0.1.19 | 274.67 | OK | |||
r-devel-linux-x86_64-fedora-gcc | 0.1.19 | 260.25 | OK | |||
r-prerel-macos-arm64 | 0.1.19 | 84.00 | OK | |||
r-prerel-windows-x86_64 | 0.1.19 | 18.00 | 178.00 | 196.00 | OK | |
r-patched-linux-x86_64 | 0.1.19 | 19.65 | 189.16 | 208.81 | OK | |
r-release-linux-x86_64 | 0.1.19 | 19.11 | 190.89 | 210.00 | OK | |
r-release-macos-arm64 | 0.1.19 | 93.00 | OK | |||
r-release-macos-x86_64 | 0.1.19 | 209.00 | NOTE | |||
r-release-windows-x86_64 | 0.1.19 | 26.00 | 206.00 | 232.00 | OK | |
r-oldrel-macos-arm64 | 0.1.19 | 88.00 | OK | |||
r-oldrel-windows-x86_64 | 0.1.19 | 25.00 | 194.00 | 219.00 | OK |
Version: 0.1.19
Check: installed package size
Result: NOTE
installed size is 5.6Mb
sub-directories of 1Mb or more:
data 5.1Mb
Flavor: r-release-macos-x86_64