Last updated on 2023-03-27 06:50:10 CEST.
Flavor | Version | Tinstall | Tcheck | Ttotal | Status | Flags |
---|---|---|---|---|---|---|
r-devel-linux-x86_64-debian-clang | 0.1.15 | 15.38 | 148.62 | 164.00 | OK | |
r-devel-linux-x86_64-debian-gcc | 0.1.15 | 13.41 | 108.22 | 121.63 | OK | |
r-devel-linux-x86_64-fedora-clang | 0.1.15 | 204.74 | NOTE | |||
r-devel-linux-x86_64-fedora-gcc | 0.1.15 | 206.24 | NOTE | |||
r-devel-windows-x86_64 | 0.1.15 | 50.00 | 198.00 | 248.00 | OK | |
r-patched-linux-x86_64 | 0.1.15 | 21.77 | 140.90 | 162.67 | OK | |
r-release-linux-x86_64 | 0.1.15 | 9.79 | 136.58 | 146.37 | OK | |
r-release-macos-arm64 | 0.1.15 | 66.00 | NOTE | |||
r-release-macos-x86_64 | 0.1.15 | 89.00 | NOTE | |||
r-release-windows-x86_64 | 0.1.15 | 62.00 | 184.00 | 246.00 | OK | |
r-oldrel-macos-arm64 | 0.1.15 | 66.00 | NOTE | |||
r-oldrel-macos-x86_64 | 0.1.15 | 83.00 | NOTE | |||
r-oldrel-windows-ix86+x86_64 | 0.1.15 | 31.00 | 183.00 | 214.00 | OK |
Version: 0.1.15
Check: dependencies in R code
Result: NOTE
Namespaces in Imports field not imported from:
‘MASS’ ‘boot’ ‘fds’ ‘rpart’
All declared Imports should be used.
Flavors: r-devel-linux-x86_64-fedora-clang, r-devel-linux-x86_64-fedora-gcc, r-release-macos-arm64, r-release-macos-x86_64, r-oldrel-macos-arm64, r-oldrel-macos-x86_64