Last updated on 2023-03-28 21:54:00 CEST.
Flavor | Version | Tinstall | Tcheck | Ttotal | Status | Flags |
---|---|---|---|---|---|---|
r-devel-linux-x86_64-debian-clang | 0.8-85 | 157.37 | 219.65 | 377.02 | NOTE | |
r-devel-linux-x86_64-debian-gcc | 0.8-85 | 126.00 | 158.62 | 284.62 | NOTE | |
r-devel-linux-x86_64-fedora-clang | 0.8-85 | 503.93 | NOTE | |||
r-devel-linux-x86_64-fedora-gcc | 0.8-85 | 509.53 | NOTE | |||
r-patched-linux-x86_64 | 0.8-85 | 126.16 | 208.81 | 334.97 | NOTE | |
r-release-linux-x86_64 | 0.8-85 | 103.78 | 205.79 | 309.57 | OK | |
r-release-macos-arm64 | 0.8-85 | 137.00 | NOTE | |||
r-release-macos-x86_64 | 0.8-85 | 159.00 | NOTE | |||
r-release-windows-x86_64 | 0.8-85 | 155.00 | 257.00 | 412.00 | OK | |
r-oldrel-macos-arm64 | 0.8-85 | 108.00 | NOTE | |||
r-oldrel-macos-x86_64 | 0.8-85 | 217.00 | NOTE | |||
r-oldrel-windows-ix86+x86_64 | 0.8-85 | 342.00 | 291.00 | 633.00 | OK |
Version: 0.8-85
Check: C++ specification
Result: NOTE
Specified C++11: please drop specification unless essential
Flavors: r-devel-linux-x86_64-debian-clang, r-devel-linux-x86_64-debian-gcc, r-devel-linux-x86_64-fedora-clang, r-devel-linux-x86_64-fedora-gcc, r-patched-linux-x86_64
Version: 0.8-85
Check: installed package size
Result: NOTE
installed size is 8.9Mb
sub-directories of 1Mb or more:
libs 7.8Mb
Flavors: r-release-macos-arm64, r-release-macos-x86_64, r-oldrel-macos-arm64, r-oldrel-macos-x86_64