Last updated on 2023-12-03 21:49:16 CET.
Flavor | Version | Tinstall | Tcheck | Ttotal | Status | Flags |
---|---|---|---|---|---|---|
r-devel-linux-x86_64-debian-clang | 1.0.2 | 25.06 | 86.98 | 112.04 | NOTE | |
r-devel-linux-x86_64-debian-gcc | 1.0.2 | 18.24 | 65.93 | 84.17 | NOTE | |
r-devel-linux-x86_64-fedora-clang | 1.0.2 | 141.96 | OK | |||
r-devel-linux-x86_64-fedora-gcc | 1.0.2 | 133.56 | OK | |||
r-devel-windows-x86_64 | 1.0.2 | 21.00 | 84.00 | 105.00 | OK | |
r-patched-linux-x86_64 | 1.0.2 | 21.74 | 85.92 | 107.66 | OK | |
r-release-linux-x86_64 | 1.0.2 | 16.89 | 86.03 | 102.92 | OK | |
r-release-macos-arm64 | 1.0.2 | 136.00 | OK | |||
r-release-macos-x86_64 | 1.0.2 | 102.00 | OK | |||
r-release-windows-x86_64 | 1.0.2 | 27.00 | 94.00 | 121.00 | OK | |
r-oldrel-macos-arm64 | 1.0.2 | 49.00 | OK | |||
r-oldrel-macos-x86_64 | 1.0.2 | 74.00 | OK | |||
r-oldrel-windows-x86_64 | 1.0.2 | 25.00 | 102.00 | 127.00 | OK |
Version: 1.0.2
Check: Rd files
Result: NOTE
checkRd: (-1) jointLPM.Rd:298: Lost braces; missing escapes or markup?
298 | following transformation b_1 + b_2*I_1(Y(t)) + ... + b_{n+2}*I_{n+1}(Y(t)),
| ^
checkRd: (-1) jointLPM.Rd:298: Lost braces; missing escapes or markup?
298 | following transformation b_1 + b_2*I_1(Y(t)) + ... + b_{n+2}*I_{n+1}(Y(t)),
| ^
checkRd: (-1) jointLPM.Rd:299: Lost braces; missing escapes or markup?
299 | where I_1,...,I_{n+1} is the basis of quadratic I-splines. To constraint the
| ^
Flavors: r-devel-linux-x86_64-debian-clang, r-devel-linux-x86_64-debian-gcc