CRAN Package Check Results for Package JBrowseR

Last updated on 2022-08-13 21:52:51 CEST.

Flavor Version Tinstall Tcheck Ttotal Status Flags
r-devel-linux-x86_64-debian-clang 0.9.1 3.48 42.78 46.26 OK
r-devel-linux-x86_64-debian-gcc 0.9.1 3.33 32.73 36.06 OK
r-devel-linux-x86_64-fedora-clang 0.9.1 69.58 NOTE
r-devel-linux-x86_64-fedora-gcc 0.9.1 65.30 NOTE
r-devel-windows-x86_64 0.9.1 27.00 85.00 112.00 OK
r-patched-linux-x86_64 0.9.1 4.20 41.00 45.20 OK
r-release-linux-x86_64 0.9.1 4.25 40.30 44.55 OK
r-release-macos-arm64 0.9.1 29.00 NOTE
r-release-macos-x86_64 0.9.1 33.00 NOTE
r-release-windows-x86_64 0.9.1 26.00 75.00 101.00 OK
r-oldrel-macos-arm64 0.9.1 26.00 NOTE
r-oldrel-macos-x86_64 0.9.1 35.00 NOTE
r-oldrel-windows-ix86+x86_64 0.9.1 33.00 63.00 96.00 OK

Check Details

Version: 0.9.1
Check: dependencies in R code
Result: NOTE
    Namespace in Imports field not imported from: ‘ids’
     All declared Imports should be used.
Flavors: r-devel-linux-x86_64-fedora-clang, r-devel-linux-x86_64-fedora-gcc, r-release-macos-arm64, r-release-macos-x86_64, r-oldrel-macos-arm64, r-oldrel-macos-x86_64