CRAN Package Check Results for Package IsoriX

Last updated on 2022-01-26 21:50:12 CET.

Flavor Version Tinstall Tcheck Ttotal Status Flags
r-devel-linux-x86_64-debian-clang 0.8.2 38.81 442.69 481.50 OK
r-devel-linux-x86_64-debian-gcc 0.8.2 29.91 337.22 367.13 OK
r-devel-linux-x86_64-fedora-clang 0.8.2 608.95 OK
r-devel-linux-x86_64-fedora-gcc 0.8.2 573.30 OK
r-devel-windows-x86_64-new-UL 0.8.2 68.00 455.00 523.00 OK
r-devel-windows-x86_64-new-TK 0.8.2 ERROR
r-patched-linux-x86_64 0.8.2 31.98 419.94 451.92 OK
r-release-linux-x86_64 0.8.2 33.11 411.48 444.59 OK
r-release-macos-arm64 0.8.2 OK
r-release-macos-x86_64 0.8.2 OK
r-release-windows-ix86+x86_64 0.8.2 70.00 456.00 526.00 OK
r-oldrel-macos-x86_64 0.8.2 OK
r-oldrel-windows-ix86+x86_64 0.8.2 74.00 462.00 536.00 OK

Check Details

Version: 0.8.2
Check: package dependencies
Result: ERROR
    Package required but not available: 'spaMM'
    
    See section 'The DESCRIPTION file' in the 'Writing R Extensions'
    manual.
Flavor: r-devel-windows-x86_64-new-TK