Last updated on 2024-04-30 21:50:14 CEST.
Flavor | Version | Tinstall | Tcheck | Ttotal | Status | Flags |
---|---|---|---|---|---|---|
r-devel-linux-x86_64-debian-clang | 1.4 | 94.68 | 35.96 | 130.64 | NOTE | |
r-devel-linux-x86_64-debian-gcc | 1.4 | 72.45 | 26.83 | 99.28 | NOTE | |
r-devel-linux-x86_64-fedora-clang | 1.4 | 201.24 | NOTE | |||
r-devel-linux-x86_64-fedora-gcc | 1.4 | 189.27 | NOTE | |||
r-devel-windows-x86_64 | 1.4 | 73.00 | 75.00 | 148.00 | NOTE | |
r-patched-linux-x86_64 | 1.4 | 82.61 | 34.09 | 116.70 | NOTE | |
r-release-linux-x86_64 | 1.4 | 89.48 | 33.87 | 123.35 | NOTE | |
r-release-macos-arm64 | 1.4 | 39.00 | NOTE | |||
r-release-windows-x86_64 | 1.4 | 77.00 | 76.00 | 153.00 | NOTE | |
r-oldrel-macos-arm64 | 1.4 | 48.00 | NOTE | |||
r-oldrel-macos-x86_64 | 1.4 | 80.00 | NOTE | |||
r-oldrel-windows-x86_64 | 1.4 | 93.00 | 81.00 | 174.00 | NOTE |
Version: 1.4
Check: C++ specification
Result: NOTE
Specified C++11: please drop specification unless essential
Flavors: r-devel-linux-x86_64-debian-clang, r-devel-linux-x86_64-debian-gcc, r-devel-linux-x86_64-fedora-clang, r-devel-linux-x86_64-fedora-gcc, r-devel-windows-x86_64, r-patched-linux-x86_64, r-release-linux-x86_64, r-release-macos-arm64, r-release-windows-x86_64, r-oldrel-macos-arm64, r-oldrel-macos-x86_64, r-oldrel-windows-x86_64