Last updated on 2025-02-04 03:49:50 CET.
Flavor | Version | Tinstall | Tcheck | Ttotal | Status | Flags |
---|---|---|---|---|---|---|
r-devel-linux-x86_64-debian-clang | 1.1.0.1 | 4.46 | 30.87 | 35.33 | NOTE | |
r-devel-linux-x86_64-debian-gcc | 1.1.0.1 | 3.25 | 24.08 | 27.33 | NOTE | |
r-devel-linux-x86_64-fedora-clang | 1.1.0.1 | 58.56 | NOTE | |||
r-devel-linux-x86_64-fedora-gcc | 1.1.0.1 | 54.09 | NOTE | |||
r-devel-windows-x86_64 | 1.1.0.1 | 6.00 | 62.00 | 68.00 | NOTE | |
r-patched-linux-x86_64 | 1.1.0.1 | 4.54 | 29.37 | 33.91 | NOTE | |
r-release-linux-x86_64 | 1.1.0.1 | 4.47 | 29.33 | 33.80 | NOTE | |
r-release-macos-arm64 | 1.1.0.1 | 20.00 | NOTE | |||
r-release-macos-x86_64 | 1.1.0.1 | 28.00 | NOTE | |||
r-release-windows-x86_64 | 1.1.0.1 | 6.00 | 60.00 | 66.00 | NOTE | |
r-oldrel-macos-arm64 | 1.1.0.1 | 20.00 | OK | |||
r-oldrel-macos-x86_64 | 1.1.0.1 | 36.00 | OK | |||
r-oldrel-windows-x86_64 | 1.1.0.1 | 7.00 | 59.00 | 66.00 | OK |
Version: 1.1.0.1
Check: Rd files
Result: NOTE
checkRd: (-1) Inventorymodel-package.Rd:34: Lost braces
34 | M.G. Fiestras-Janeiro, I. GarcĂa-Jurado, A. Meca, M.A. Mosquera (2015). Cooperation on capacitated inventory situations with fixed holding costs. emph{European Journal of Operational Research}, \bold{241}(3), 719--726.
| ^
Flavors: r-devel-linux-x86_64-debian-clang, r-devel-linux-x86_64-debian-gcc, r-devel-linux-x86_64-fedora-clang, r-devel-linux-x86_64-fedora-gcc, r-devel-windows-x86_64, r-patched-linux-x86_64, r-release-linux-x86_64, r-release-macos-arm64, r-release-macos-x86_64, r-release-windows-x86_64