CRAN Package Check Results for Package InvStablePrior

Last updated on 2023-09-26 12:07:30 CEST.

Flavor Version Tinstall Tcheck Ttotal Status Flags
r-devel-linux-x86_64-debian-clang 0.1.1 2.51 27.54 30.05 OK
r-devel-linux-x86_64-debian-gcc 0.1.1 1.95 21.98 23.93 OK
r-devel-linux-x86_64-fedora-clang 0.1.1 39.42 NOTE
r-devel-linux-x86_64-fedora-gcc 0.1.1 39.96 NOTE
r-devel-windows-x86_64 0.1.1 4.00 51.00 55.00 OK
r-patched-linux-x86_64 0.1.1 2.55 28.32 30.87 OK
r-release-linux-x86_64 0.1.1 2.59 28.05 30.64 OK
r-release-macos-arm64 0.1.1 17.00 OK
r-release-macos-x86_64 0.1.1 29.00 OK
r-release-windows-x86_64 0.1.1 5.00 50.00 55.00 OK
r-oldrel-macos-arm64 0.1.1 22.00 OK
r-oldrel-macos-x86_64 0.1.1 28.00 OK
r-oldrel-windows-x86_64 0.1.1 5.00 54.00 59.00 OK

Check Details

Version: 0.1.1
Check: dependencies in R code
Result: NOTE
    Namespaces in Imports field not imported from:
     ‘fdrtool’ ‘nimble’
     All declared Imports should be used.
Flavors: r-devel-linux-x86_64-fedora-clang, r-devel-linux-x86_64-fedora-gcc