CRAN Package Check Results for Package IntervalQuestionStat

Last updated on 2024-06-13 03:49:22 CEST.

Flavor Version Tinstall Tcheck Ttotal Status Flags
r-devel-linux-x86_64-debian-clang 0.2.0 7.82 51.15 58.97 OK
r-devel-linux-x86_64-debian-gcc 0.2.0 5.08 33.10 38.18 ERROR
r-devel-linux-x86_64-fedora-clang 0.2.0 69.61 OK
r-devel-linux-x86_64-fedora-gcc 0.2.0 66.17 OK
r-devel-windows-x86_64 0.2.0 6.00 65.00 71.00 OK
r-patched-linux-x86_64 0.2.0 5.33 48.57 53.90 OK
r-release-linux-x86_64 0.2.0 4.39 49.55 53.94 OK
r-release-macos-arm64 0.2.0 24.00 OK
r-release-macos-x86_64 0.2.0 45.00 OK
r-release-windows-x86_64 0.2.0 6.00 73.00 79.00 OK
r-oldrel-macos-arm64 0.2.0 26.00 OK
r-oldrel-macos-x86_64 0.2.0 37.00 OK
r-oldrel-windows-x86_64 0.2.0 6.00 70.00 76.00 OK

Check Details

Version: 0.2.0
Check: package dependencies
Result: NOTE Packages suggested but not available for checking: 'testthat', 'vdiffr' Flavor: r-devel-linux-x86_64-debian-gcc

Version: 0.2.0
Check: tests
Result: ERROR Running ‘testthat.R’ [0s/1s] Running the tests in ‘tests/testthat.R’ failed. Complete output: > # This file is part of the standard setup for testthat. > # It is recommended that you do not modify it. > # > # Where should you do additional test configuration? > # Learn more about the roles of various files in: > # * https://r-pkgs.org/tests.html > # * https://testthat.r-lib.org/reference/test_package.html#special-files > > library(testthat) Error in library(testthat) : there is no package called 'testthat' Execution halted Flavor: r-devel-linux-x86_64-debian-gcc