Last updated on 2024-04-23 12:49:31 CEST.
Flavor | Version | Tinstall | Tcheck | Ttotal | Status | Flags |
---|---|---|---|---|---|---|
r-devel-linux-x86_64-debian-clang | 1.1.9 | 23.64 | 53.72 | 77.36 | NOTE | |
r-devel-linux-x86_64-debian-gcc | 1.1.9 | 18.82 | 39.85 | 58.67 | NOTE | |
r-devel-linux-x86_64-fedora-clang | 1.1.9 | 102.33 | NOTE | |||
r-devel-linux-x86_64-fedora-gcc | 1.1.9 | 100.21 | NOTE | |||
r-prerel-macos-arm64 | 1.1.9 | 34.00 | OK | |||
r-prerel-windows-x86_64 | 1.1.9 | 23.00 | 82.00 | 105.00 | OK | |
r-patched-linux-x86_64 | 1.1.9 | 24.36 | 50.29 | 74.65 | NOTE | |
r-release-linux-x86_64 | 1.1.9 | 25.86 | 51.65 | 77.51 | NOTE | |
r-release-macos-arm64 | 1.1.9 | 38.00 | OK | |||
r-release-macos-x86_64 | 1.1.9 | 46.00 | OK | |||
r-release-windows-x86_64 | 1.1.9 | 28.00 | 98.00 | 126.00 | OK | |
r-oldrel-macos-arm64 | 1.1.9 | 38.00 | OK | |||
r-oldrel-windows-x86_64 | 1.1.9 | 25.00 | 88.00 | 113.00 | OK |
Version: 1.1.9
Check: for non-standard things in the check directory
Result: NOTE
Found the following files/directories:
‘Error_Estimation_Response_1.tiff’ ‘Error_Estimation_Response_2.tiff’
‘Error_Estimation_Response_3.tiff’
Flavors: r-devel-linux-x86_64-debian-clang, r-devel-linux-x86_64-debian-gcc, r-devel-linux-x86_64-fedora-clang, r-devel-linux-x86_64-fedora-gcc, r-patched-linux-x86_64, r-release-linux-x86_64