CRAN Package Check Results for Package Inflect

Last updated on 2022-05-28 07:05:55 CEST.

Flavor Version Tinstall Tcheck Ttotal Status Flags
r-devel-linux-x86_64-debian-clang 1.1.0 6.78 74.13 80.91 NOTE
r-devel-linux-x86_64-debian-gcc 1.1.0 6.51 54.32 60.83 NOTE
r-devel-linux-x86_64-fedora-clang 1.1.0 97.94 NOTE
r-devel-linux-x86_64-fedora-gcc 1.1.0 93.86 NOTE
r-devel-windows-x86_64 1.1.0 16.00 85.00 101.00 NOTE
r-patched-linux-x86_64 1.1.0 6.73 67.63 74.36 NOTE
r-release-linux-x86_64 1.1.0 6.64 68.99 75.63 NOTE
r-release-macos-arm64 1.1.0 27.00 NOTE
r-release-macos-x86_64 1.1.0 52.00 NOTE
r-release-windows-x86_64 1.1.0 15.00 92.00 107.00 NOTE
r-oldrel-macos-arm64 1.1.0 31.00 NOTE
r-oldrel-macos-x86_64 1.1.0 52.00 NOTE
r-oldrel-windows-ix86+x86_64 1.1.0 20.00 82.00 102.00 NOTE

Check Details

Version: 1.1.0
Check: LazyData
Result: NOTE
     'LazyData' is specified without a 'data' directory
Flavors: r-devel-linux-x86_64-debian-clang, r-devel-linux-x86_64-debian-gcc, r-devel-linux-x86_64-fedora-clang, r-devel-linux-x86_64-fedora-gcc, r-devel-windows-x86_64, r-patched-linux-x86_64, r-release-linux-x86_64, r-release-macos-arm64, r-release-macos-x86_64, r-release-windows-x86_64, r-oldrel-macos-arm64, r-oldrel-macos-x86_64, r-oldrel-windows-ix86+x86_64

Version: 1.1.0
Check: dependencies in R code
Result: NOTE
    Namespace in Imports field not imported from: ‘optimr’
     All declared Imports should be used.
Flavors: r-devel-linux-x86_64-fedora-clang, r-devel-linux-x86_64-fedora-gcc, r-release-macos-arm64, r-release-macos-x86_64, r-oldrel-macos-arm64, r-oldrel-macos-x86_64