CRAN Package Check Results for Package IncDTW

Last updated on 2023-04-01 21:54:10 CEST.

Flavor Version Tinstall Tcheck Ttotal Status Flags
r-devel-linux-x86_64-debian-clang 1.1.4.4 122.43 93.58 216.01 NOTE
r-devel-linux-x86_64-debian-gcc 1.1.4.4 94.22 69.08 163.30 NOTE
r-devel-linux-x86_64-fedora-clang 1.1.4.4 318.42 NOTE
r-devel-linux-x86_64-fedora-gcc 1.1.4.4 303.19 NOTE
r-devel-windows-x86_64 1.1.4.4 141.00 149.00 290.00 NOTE
r-patched-linux-x86_64 1.1.4.4 102.12 87.51 189.63 NOTE
r-release-linux-x86_64 1.1.4.4 101.16 91.35 192.51 NOTE
r-release-macos-arm64 1.1.4.4 69.00 NOTE
r-release-macos-x86_64 1.1.4.4 118.00 NOTE
r-release-windows-x86_64 1.1.4.4 123.00 155.00 278.00 NOTE
r-oldrel-macos-arm64 1.1.4.4 67.00 NOTE
r-oldrel-macos-x86_64 1.1.4.4 95.00 NOTE
r-oldrel-windows-ix86+x86_64 1.1.4.4 291.00 177.00 468.00 WARN

Check Details

Version: 1.1.4.4
Check: C++ specification
Result: NOTE
     Specified C++11: please drop specification unless essential
Flavors: r-devel-linux-x86_64-debian-clang, r-devel-linux-x86_64-debian-gcc, r-devel-linux-x86_64-fedora-clang, r-devel-linux-x86_64-fedora-gcc, r-devel-windows-x86_64, r-patched-linux-x86_64

Version: 1.1.4.4
Check: for GNU extensions in Makefiles
Result: NOTE
    GNU make is a SystemRequirements.
Flavors: r-devel-linux-x86_64-debian-clang, r-devel-linux-x86_64-debian-gcc, r-devel-linux-x86_64-fedora-clang, r-devel-linux-x86_64-fedora-gcc, r-devel-windows-x86_64, r-patched-linux-x86_64, r-release-linux-x86_64, r-release-macos-arm64, r-release-macos-x86_64, r-release-windows-x86_64, r-oldrel-macos-arm64, r-oldrel-macos-x86_64, r-oldrel-windows-ix86+x86_64

Version: 1.1.4.4
Check: installed package size
Result: NOTE
     installed size is 7.0Mb
     sub-directories of 1Mb or more:
     libs 5.3Mb
Flavors: r-release-macos-arm64, r-release-macos-x86_64, r-oldrel-macos-arm64, r-oldrel-macos-x86_64

Version: 1.1.4.4
Check: for unstated dependencies in ‘tests’
Result: WARN
    Warning: unable to access index for repository https://bioconductor.org/packages/3.14/bioc/src/contrib:
     cannot open URL 'https://bioconductor.org/packages/3.14/bioc/src/contrib/PACKAGES'
    Warning: unable to access index for repository https://bioconductor.org/packages/3.14/data/annotation/src/contrib:
     cannot open URL 'https://bioconductor.org/packages/3.14/data/annotation/src/contrib/PACKAGES'
    Warning: unable to access index for repository https://bioconductor.org/packages/3.14/data/experiment/src/contrib:
     cannot open URL 'https://bioconductor.org/packages/3.14/data/experiment/src/contrib/PACKAGES'
Flavor: r-oldrel-windows-ix86+x86_64