Last updated on 2023-03-25 03:52:01 CET.
Flavor | Version | Tinstall | Tcheck | Ttotal | Status | Flags |
---|---|---|---|---|---|---|
r-devel-linux-x86_64-debian-clang | 1.0.4 | 12.12 | 175.36 | 187.48 | OK | |
r-devel-linux-x86_64-debian-gcc | 1.0.4 | 10.31 | 131.77 | 142.08 | OK | |
r-devel-linux-x86_64-fedora-clang | 1.0.4 | 234.00 | NOTE | |||
r-devel-linux-x86_64-fedora-gcc | 1.0.4 | 241.70 | NOTE | |||
r-devel-windows-x86_64 | 1.0.4 | 32.00 | 278.00 | 310.00 | OK | |
r-patched-linux-x86_64 | 1.0.4 | 12.06 | 169.12 | 181.18 | OK | |
r-release-linux-x86_64 | 1.0.4 | 8.89 | 167.32 | 176.21 | OK | |
r-release-macos-arm64 | 1.0.4 | 93.00 | NOTE | |||
r-release-macos-x86_64 | 1.0.4 | 112.00 | NOTE | |||
r-release-windows-x86_64 | 1.0.4 | 53.00 | 299.00 | 352.00 | OK | |
r-oldrel-macos-arm64 | 1.0.4 | 91.00 | NOTE | |||
r-oldrel-macos-x86_64 | 1.0.4 | 119.00 | NOTE | |||
r-oldrel-windows-ix86+x86_64 | 1.0.4 | 31.00 | 260.00 | 291.00 | OK |
Version: 1.0.4
Check: data for non-ASCII characters
Result: NOTE
Note: found 10 marked UTF-8 strings
Flavors: r-devel-linux-x86_64-fedora-clang, r-devel-linux-x86_64-fedora-gcc, r-release-macos-arm64, r-release-macos-x86_64, r-oldrel-macos-arm64, r-oldrel-macos-x86_64
Version: 1.0.4
Check: for detritus in the temp directory
Result: NOTE
Found the following files/directories:
‘Crashpad’
Flavor: r-devel-linux-x86_64-fedora-gcc