CRAN Package Check Results for Package IceSat2R

Last updated on 2022-09-27 21:53:51 CEST.

Flavor Version Tinstall Tcheck Ttotal Status Flags
r-devel-linux-x86_64-debian-clang 1.0.3 14.62 163.45 178.07 OK
r-devel-linux-x86_64-debian-gcc 1.0.3 10.06 121.16 131.22 OK
r-devel-linux-x86_64-fedora-clang 1.0.3 237.83 NOTE
r-devel-linux-x86_64-fedora-gcc 1.0.3 232.63 NOTE
r-devel-windows-x86_64 1.0.3 50.00 262.00 312.00 OK
r-patched-linux-x86_64 1.0.3 9.91 153.07 162.98 OK
r-release-linux-x86_64 1.0.3 7.87 151.99 159.86 OK
r-release-macos-arm64 1.0.3 77.00 NOTE
r-release-macos-x86_64 1.0.3 124.00 NOTE
r-release-windows-x86_64 1.0.3 48.00 253.00 301.00 OK
r-oldrel-macos-arm64 1.0.3 83.00 NOTE
r-oldrel-macos-x86_64 1.0.3 126.00 NOTE
r-oldrel-windows-ix86+x86_64 1.0.3 29.00 270.00 299.00 OK

Check Details

Version: 1.0.3
Check: data for non-ASCII characters
Result: NOTE
     Note: found 10 marked UTF-8 strings
Flavors: r-devel-linux-x86_64-fedora-clang, r-devel-linux-x86_64-fedora-gcc, r-release-macos-arm64, r-release-macos-x86_64, r-oldrel-macos-arm64, r-oldrel-macos-x86_64

Version: 1.0.3
Check: for detritus in the temp directory
Result: NOTE
    Found the following files/directories:
     ‘Crashpad’
Flavors: r-devel-linux-x86_64-fedora-clang, r-devel-linux-x86_64-fedora-gcc