CRAN Package Check Results for Package ISOweek

Last updated on 2022-08-15 06:49:10 CEST.

Flavor Version Tinstall Tcheck Ttotal Status Flags
r-devel-linux-x86_64-debian-clang 0.6-2 2.06 23.49 25.55 OK
r-devel-linux-x86_64-debian-gcc 0.6-2 1.74 18.01 19.75 OK
r-devel-linux-x86_64-fedora-clang 0.6-2 44.71 NOTE
r-devel-linux-x86_64-fedora-gcc 0.6-2 43.11 OK
r-devel-windows-x86_64 0.6-2 13.00 47.00 60.00 OK
r-patched-linux-x86_64 0.6-2 2.24 23.97 26.21 OK
r-release-linux-x86_64 0.6-2 1.74 23.55 25.29 OK
r-release-macos-arm64 0.6-2 17.00 OK
r-release-macos-x86_64 0.6-2 22.00 OK
r-release-windows-x86_64 0.6-2 11.00 55.00 66.00 OK
r-oldrel-macos-arm64 0.6-2 21.00 OK
r-oldrel-macos-x86_64 0.6-2 27.00 OK
r-oldrel-windows-ix86+x86_64 0.6-2 6.00 44.00 50.00 OK

Check Details

Version: 0.6-2
Check: Rd cross-references
Result: NOTE
    Undeclared package ‘surveillance’ in Rd xrefs
Flavor: r-devel-linux-x86_64-fedora-clang