CRAN Package Check Results for Package IRkernel

Last updated on 2020-06-03 06:48:34 CEST.

Flavor Version Tinstall Tcheck Ttotal Status Flags
r-devel-linux-x86_64-debian-clang 1.1 5.35 38.53 43.88 OK
r-devel-linux-x86_64-debian-gcc 1.1 5.24 29.31 34.55 OK
r-devel-linux-x86_64-fedora-clang 1.1 57.86 OK
r-devel-linux-x86_64-fedora-gcc 1.1 47.89 OK
r-devel-windows-ix86+x86_64 1.1 19.00 48.00 67.00 OK
r-patched-linux-x86_64 1.1 5.67 37.20 42.87 OK
r-patched-solaris-x86 1.1 73.00 OK
r-release-linux-x86_64 1.1 5.65 37.41 43.06 OK
r-release-osx-x86_64 1.1 ERROR
r-release-windows-ix86+x86_64 1.1 15.00 55.00 70.00 OK
r-oldrel-osx-x86_64 1.1 OK
r-oldrel-windows-ix86+x86_64 1.1 9.00 50.00 59.00 OK

Check Details

Version: 1.1
Check: package dependencies
Result: ERROR
    Package required but not available: ‘pbdZMQ’
    
    See section ‘The DESCRIPTION file’ in the ‘Writing R Extensions’
    manual.
Flavor: r-release-osx-x86_64