Last updated on 2022-06-25 12:54:25 CEST.
Flavor | Version | Tinstall | Tcheck | Ttotal | Status | Flags |
---|---|---|---|---|---|---|
r-devel-linux-x86_64-debian-clang | 0.0.1 | 17.99 | 235.35 | 253.34 | OK | |
r-devel-linux-x86_64-debian-gcc | 0.0.1 | 13.71 | 171.57 | 185.28 | OK | |
r-devel-linux-x86_64-fedora-clang | 0.0.1 | 336.09 | WARN | |||
r-devel-linux-x86_64-fedora-gcc | 0.0.1 | 312.68 | WARN | |||
r-devel-windows-x86_64 | 0.0.1 | 86.00 | 266.00 | 352.00 | OK | |
r-patched-linux-x86_64 | 0.0.1 | 17.35 | 218.03 | 235.38 | OK | |
r-release-linux-x86_64 | 0.0.1 | 17.28 | 221.67 | 238.95 | OK | |
r-release-macos-arm64 | 0.0.1 | 110.00 | OK | |||
r-release-macos-x86_64 | 0.0.1 | 159.00 | OK | |||
r-release-windows-x86_64 | 0.0.1 | 67.00 | 272.00 | 339.00 | OK | |
r-oldrel-macos-arm64 | 0.0.1 | 111.00 | OK | |||
r-oldrel-macos-x86_64 | 0.0.1 | 106.00 | OK | |||
r-oldrel-windows-ix86+x86_64 | 0.0.1 | 36.00 | 268.00 | 304.00 | OK |
Version: 0.0.1
Check: package dependencies
Result: WARN
Requires (indirectly) orphaned package: ‘gtools’
Flavors: r-devel-linux-x86_64-fedora-clang, r-devel-linux-x86_64-fedora-gcc