Last updated on 2024-03-28 06:52:51 CET.
Flavor | Version | Tinstall | Tcheck | Ttotal | Status | Flags |
---|---|---|---|---|---|---|
r-devel-linux-x86_64-debian-clang | 0.0.4 | 31.46 | 303.30 | 334.76 | OK | |
r-devel-linux-x86_64-debian-gcc | 0.0.4 | 24.10 | 232.95 | 257.05 | OK | |
r-devel-linux-x86_64-fedora-clang | 0.0.4 | 490.49 | NOTE | |||
r-devel-linux-x86_64-fedora-gcc | 0.0.4 | 457.90 | NOTE | |||
r-devel-windows-x86_64 | 0.0.4 | 26.00 | 200.00 | 226.00 | OK | |
r-patched-linux-x86_64 | 0.0.4 | 31.13 | 301.80 | 332.93 | OK | |
r-release-linux-x86_64 | 0.0.4 | 43.34 | 295.98 | 339.32 | OK | |
r-release-macos-arm64 | 0.0.4 | 128.00 | OK | |||
r-release-macos-x86_64 | 0.0.4 | 281.00 | OK | |||
r-release-windows-x86_64 | 0.0.4 | 27.00 | 262.00 | 289.00 | OK | |
r-oldrel-macos-arm64 | 0.0.4 | 135.00 | OK | |||
r-oldrel-windows-x86_64 | 0.0.4 | 28.00 | 264.00 | 292.00 | OK |
Version: 0.0.4
Check: data for non-ASCII characters
Result: NOTE
Note: found 1 marked UTF-8 string
Flavors: r-devel-linux-x86_64-fedora-clang, r-devel-linux-x86_64-fedora-gcc