CRAN Package Check Results for Package IRTShiny

Last updated on 2022-06-28 21:51:24 CEST.

Flavor Version Tinstall Tcheck Ttotal Status Flags
r-devel-linux-x86_64-debian-clang 1.2 8.26 82.73 90.99 NOTE
r-devel-linux-x86_64-debian-gcc 1.2 8.28 62.37 70.65 NOTE
r-devel-linux-x86_64-fedora-clang 1.2 130.09 NOTE
r-devel-linux-x86_64-fedora-gcc 1.2 134.72 NOTE
r-devel-windows-x86_64 1.2 13.00 103.00 116.00 NOTE
r-patched-linux-x86_64 1.2 8.85 77.80 86.65 NOTE
r-release-linux-x86_64 1.2 7.85 79.16 87.01 NOTE
r-release-macos-arm64 1.2 34.00 NOTE
r-release-macos-x86_64 1.2 62.00 NOTE
r-release-windows-x86_64 1.2 13.00 103.00 116.00 NOTE
r-oldrel-macos-arm64 1.2 38.00 NOTE
r-oldrel-macos-x86_64 1.2 59.00 NOTE
r-oldrel-windows-ix86+x86_64 1.2 22.00 101.00 123.00 NOTE

Check Details

Version: 1.2
Check: LazyData
Result: NOTE
     'LazyData' is specified without a 'data' directory
Flavors: r-devel-linux-x86_64-debian-clang, r-devel-linux-x86_64-debian-gcc, r-devel-linux-x86_64-fedora-clang, r-devel-linux-x86_64-fedora-gcc, r-devel-windows-x86_64, r-patched-linux-x86_64, r-release-linux-x86_64, r-release-macos-arm64, r-release-macos-x86_64, r-release-windows-x86_64, r-oldrel-macos-arm64, r-oldrel-macos-x86_64, r-oldrel-windows-ix86+x86_64