CRAN Package Check Results for Package INLABMA

Last updated on 2023-09-23 21:52:48 CEST.

Flavor Version Tinstall Tcheck Ttotal Status Flags
r-devel-linux-x86_64-debian-clang 0.1-11 6.55 75.78 82.33 NOTE
r-devel-linux-x86_64-debian-gcc 0.1-11 4.88 64.42 69.30 NOTE
r-devel-linux-x86_64-fedora-clang 0.1-11 106.84 OK
r-devel-linux-x86_64-fedora-gcc 0.1-11 120.67 OK
r-devel-windows-x86_64 0.1-11 7.00 72.00 79.00 NOTE
r-patched-linux-x86_64 0.1-11 6.73 70.55 77.28 NOTE
r-release-linux-x86_64 0.1-11 6.70 71.55 78.25 NOTE
r-release-macos-arm64 0.1-11 32.00 NOTE
r-release-macos-x86_64 0.1-11 51.00 NOTE
r-release-windows-x86_64 0.1-11 10.00 82.00 92.00 NOTE
r-oldrel-macos-arm64 0.1-11 88.00 NOTE
r-oldrel-macos-x86_64 0.1-11 114.00 NOTE
r-oldrel-windows-x86_64 0.1-11 10.00 88.00 98.00 NOTE

Check Details

Version: 0.1-11
Check: package dependencies
Result: NOTE
    Package suggested but not available for checking: ‘INLA’
Flavors: r-devel-linux-x86_64-debian-clang, r-devel-linux-x86_64-debian-gcc, r-devel-windows-x86_64, r-patched-linux-x86_64, r-release-linux-x86_64, r-release-macos-arm64, r-release-macos-x86_64, r-release-windows-x86_64, r-oldrel-macos-arm64, r-oldrel-macos-x86_64, r-oldrel-windows-x86_64