Last updated on 2024-04-18 06:09:49 CEST.
Flavor | Version | Tinstall | Tcheck | Ttotal | Status | Flags |
---|---|---|---|---|---|---|
r-devel-linux-x86_64-debian-clang | 0.1-12 | 6.38 | 60.08 | 66.46 | NOTE | |
r-devel-linux-x86_64-debian-gcc | 0.1-12 | 4.38 | 44.45 | 48.83 | NOTE | |
r-devel-linux-x86_64-fedora-clang | 0.1-12 | 83.48 | OK | |||
r-devel-linux-x86_64-fedora-gcc | 0.1-12 | 91.40 | OK | |||
r-prerel-macos-arm64 | 0.1-12 | 26.00 | NOTE | |||
r-prerel-windows-x86_64 | 0.1-12 | 7.00 | 65.00 | 72.00 | OK | |
r-patched-linux-x86_64 | 0.1-12 | 6.65 | 56.00 | 62.65 | NOTE | |
r-release-linux-x86_64 | 0.1-12 | 5.40 | 56.53 | 61.93 | NOTE | |
r-release-macos-arm64 | 0.1-12 | 36.00 | NOTE | |||
r-release-macos-x86_64 | 0.1-12 | 101.00 | NOTE | |||
r-release-windows-x86_64 | 0.1-12 | 9.00 | 70.00 | 79.00 | NOTE | |
r-oldrel-macos-arm64 | 0.1-12 | 38.00 | NOTE | |||
r-oldrel-windows-x86_64 | 0.1-12 | 9.00 | 75.00 | 84.00 | NOTE |
Version: 0.1-12
Check: package dependencies
Result: NOTE
Package suggested but not available for checking: ‘INLA’
Flavors: r-devel-linux-x86_64-debian-clang, r-devel-linux-x86_64-debian-gcc, r-prerel-macos-arm64, r-patched-linux-x86_64, r-release-linux-x86_64, r-release-macos-arm64, r-release-macos-x86_64, r-release-windows-x86_64, r-oldrel-macos-arm64, r-oldrel-windows-x86_64