Last updated on 2025-02-01 12:48:28 CET.
Flavor | Version | Tinstall | Tcheck | Ttotal | Status | Flags |
---|---|---|---|---|---|---|
r-devel-linux-x86_64-debian-clang | 0.1-12 | 5.03 | 47.80 | 52.83 | OK | |
r-devel-linux-x86_64-debian-gcc | 0.1-12 | 4.77 | 37.52 | 42.29 | OK | |
r-devel-linux-x86_64-fedora-clang | 0.1-12 | 88.01 | OK | |||
r-devel-linux-x86_64-fedora-gcc | 0.1-12 | 111.74 | OK | |||
r-devel-windows-x86_64 | 0.1-12 | 8.00 | 64.00 | 72.00 | OK | |
r-patched-linux-x86_64 | 0.1-12 | 5.24 | 45.33 | 50.57 | NOTE | |
r-release-linux-x86_64 | 0.1-12 | 5.41 | 45.04 | 50.45 | NOTE | |
r-release-macos-arm64 | 0.1-12 | 26.00 | NOTE | |||
r-release-macos-x86_64 | 0.1-12 | 37.00 | NOTE | |||
r-release-windows-x86_64 | 0.1-12 | 6.00 | 64.00 | 70.00 | OK | |
r-oldrel-macos-arm64 | 0.1-12 | 36.00 | NOTE | |||
r-oldrel-macos-x86_64 | 0.1-12 | 101.00 | NOTE | |||
r-oldrel-windows-x86_64 | 0.1-12 | 8.00 | 72.00 | 80.00 | NOTE |
Version: 0.1-12
Check: package dependencies
Result: NOTE
Package suggested but not available for checking: ‘INLA’
Flavors: r-patched-linux-x86_64, r-release-linux-x86_64, r-release-macos-arm64, r-release-macos-x86_64, r-oldrel-macos-arm64, r-oldrel-macos-x86_64, r-oldrel-windows-x86_64