CRAN Package Check Results for Package IMIFA

Last updated on 2020-05-27 12:48:15 CEST.

Flavor Version Tinstall Tcheck Ttotal Status Flags
r-devel-linux-x86_64-debian-clang 2.1.3 24.76 138.93 163.69 OK
r-devel-linux-x86_64-debian-gcc 2.1.3 21.12 101.35 122.47 OK
r-devel-linux-x86_64-fedora-clang 2.1.3 195.13 OK
r-devel-linux-x86_64-fedora-gcc 2.1.3 192.98 OK
r-devel-windows-ix86+x86_64 2.1.3 51.00 196.00 247.00 OK
r-patched-linux-x86_64 2.1.3 22.69 136.65 159.34 OK
r-patched-solaris-x86 2.1.3 263.70 OK
r-release-linux-x86_64 2.1.3 24.32 135.76 160.08 OK
r-release-osx-x86_64 2.1.3 OK
r-release-windows-ix86+x86_64 2.1.3 53.00 192.00 245.00 OK
r-oldrel-osx-x86_64 2.1.3 ERROR
r-oldrel-windows-ix86+x86_64 2.1.2 29.00 136.00 165.00 OK

Check Details

Version: 2.1.3
Check: whether package can be installed
Result: ERROR
    Installation failed.
Flavor: r-oldrel-osx-x86_64