Last updated on 2023-09-23 21:52:48 CEST.
Flavor | Version | Tinstall | Tcheck | Ttotal | Status | Flags |
---|---|---|---|---|---|---|
r-devel-linux-x86_64-debian-clang | 0.2.0 | 2.73 | 69.13 | 71.86 | NOTE | |
r-devel-linux-x86_64-debian-gcc | 0.2.0 | 1.61 | 54.10 | 55.71 | NOTE | |
r-devel-linux-x86_64-fedora-clang | 0.2.0 | 89.92 | NOTE | |||
r-devel-linux-x86_64-fedora-gcc | 0.2.0 | 92.11 | NOTE | |||
r-devel-windows-x86_64 | 0.2.0 | 4.00 | 78.00 | 82.00 | NOTE | |
r-patched-linux-x86_64 | 0.2.0 | 2.07 | 65.58 | 67.65 | NOTE | |
r-release-linux-x86_64 | 0.2.0 | 1.65 | 66.90 | 68.55 | NOTE | |
r-release-macos-arm64 | 0.2.0 | 38.00 | NOTE | |||
r-release-macos-x86_64 | 0.2.0 | 64.00 | NOTE | |||
r-release-windows-x86_64 | 0.2.0 | 5.00 | 80.00 | 85.00 | NOTE | |
r-oldrel-macos-arm64 | 0.2.0 | 40.00 | NOTE | |||
r-oldrel-macos-x86_64 | 0.2.0 | 61.00 | NOTE | |||
r-oldrel-windows-x86_64 | 0.2.0 | 5.00 | 83.00 | 88.00 | NOTE |
Version: 0.2.0
Check: LazyData
Result: NOTE
'LazyData' is specified without a 'data' directory
Flavors: r-devel-linux-x86_64-debian-clang, r-devel-linux-x86_64-debian-gcc, r-devel-linux-x86_64-fedora-clang, r-devel-linux-x86_64-fedora-gcc, r-devel-windows-x86_64, r-patched-linux-x86_64, r-release-linux-x86_64, r-release-macos-arm64, r-release-macos-x86_64, r-release-windows-x86_64, r-oldrel-macos-arm64, r-oldrel-macos-x86_64, r-oldrel-windows-x86_64