Last updated on 2025-02-01 21:49:15 CET.
Flavor | Version | Tinstall | Tcheck | Ttotal | Status | Flags |
---|---|---|---|---|---|---|
r-devel-linux-x86_64-debian-clang | 1.0.0 | 5.66 | 51.53 | 57.19 | OK | |
r-devel-linux-x86_64-debian-gcc | 1.0.0 | 4.84 | 38.52 | 43.36 | OK | |
r-devel-linux-x86_64-fedora-clang | 1.0.0 | 95.38 | NOTE | |||
r-devel-linux-x86_64-fedora-gcc | 1.0.0 | 86.57 | NOTE | |||
r-devel-windows-x86_64 | 1.0.0 | 8.00 | 82.00 | 90.00 | OK | |
r-patched-linux-x86_64 | 1.0.0 | 6.01 | 48.69 | 54.70 | OK | |
r-release-linux-x86_64 | 1.0.0 | 5.59 | 48.62 | 54.21 | OK | |
r-release-macos-arm64 | 1.0.0 | 28.00 | OK | |||
r-release-macos-x86_64 | 1.0.0 | 43.00 | OK | |||
r-release-windows-x86_64 | 1.0.0 | 7.00 | 82.00 | 89.00 | OK | |
r-oldrel-macos-arm64 | 1.0.0 | 32.00 | OK | |||
r-oldrel-macos-x86_64 | 1.0.0 | 46.00 | OK | |||
r-oldrel-windows-x86_64 | 1.0.0 | 9.00 | 100.00 | 109.00 | OK |
Version: 1.0.0
Check: dependencies in R code
Result: NOTE
Namespace in Imports field not imported from: ‘Rdpack’
All declared Imports should be used.
Flavors: r-devel-linux-x86_64-fedora-clang, r-devel-linux-x86_64-fedora-gcc