Last updated on 2024-04-24 06:19:17 CEST.
Flavor | Version | Tinstall | Tcheck | Ttotal | Status | Flags |
---|---|---|---|---|---|---|
r-devel-linux-x86_64-debian-clang | 1.1.21 | 6.24 | 62.84 | 69.08 | OK | |
r-devel-linux-x86_64-debian-gcc | 1.1.21 | 5.99 | 45.59 | 51.58 | OK | |
r-devel-linux-x86_64-fedora-clang | 1.1.21 | 87.64 | NOTE | |||
r-devel-linux-x86_64-fedora-gcc | 1.1.21 | 84.35 | OK | |||
r-prerel-macos-arm64 | 1.1.21 | 26.00 | OK | |||
r-prerel-macos-x86_64 | 1.1.21 | 114.00 | OK | |||
r-prerel-windows-x86_64 | 1.1.21 | 10.00 | 72.00 | 82.00 | OK | |
r-patched-linux-x86_64 | 1.1.21 | 9.86 | 60.82 | 70.68 | OK | |
r-release-linux-x86_64 | 1.1.21 | 8.47 | 60.38 | 68.85 | OK | |
r-release-macos-arm64 | 1.1.21 | 42.00 | OK | |||
r-release-macos-x86_64 | 1.1.21 | 76.00 | OK | |||
r-release-windows-x86_64 | 1.1.21 | 10.00 | 79.00 | 89.00 | OK | |
r-oldrel-macos-arm64 | 1.1.21 | 37.00 | OK | |||
r-oldrel-windows-x86_64 | 1.1.21 | 11.00 | 81.00 | 92.00 | OK |
Version: 1.1.21
Check: Rd cross-references
Result: NOTE
Undeclared packages ‘sfsmisc’, ‘RColorBrewer’, ‘hexbin’ in Rd xrefs
Flavor: r-devel-linux-x86_64-fedora-clang