Last updated on 2023-06-05 03:57:58 CEST.
Flavor | Version | Tinstall | Tcheck | Ttotal | Status | Flags |
---|---|---|---|---|---|---|
r-devel-linux-x86_64-debian-clang | 0.3-5 | 51.68 | 223.45 | 275.13 | OK | |
r-devel-linux-x86_64-debian-gcc | 0.3-5 | 38.44 | 164.08 | 202.52 | OK | |
r-devel-linux-x86_64-fedora-clang | 0.3-5 | 358.40 | OK | |||
r-devel-linux-x86_64-fedora-gcc | 0.3-5 | 371.64 | OK | |||
r-devel-windows-x86_64 | 0.3-5 | 41.00 | 190.00 | 231.00 | OK | |
r-patched-linux-x86_64 | 0.3-5 | 40.52 | 208.14 | 248.66 | OK | |
r-release-linux-x86_64 | 0.3-5 | 39.65 | 205.56 | 245.21 | OK | |
r-release-macos-arm64 | 0.3-5 | 100.00 | NOTE | |||
r-release-macos-x86_64 | 0.3-5 | 171.00 | NOTE | |||
r-release-windows-x86_64 | 0.3-5 | 54.00 | 246.00 | 300.00 | OK | |
r-oldrel-macos-arm64 | 0.3-5 | 99.00 | NOTE | |||
r-oldrel-macos-x86_64 | 0.3-5 | 114.00 | NOTE | |||
r-oldrel-windows-x86_64 | 0.3-5 | 54.00 | 242.00 | 296.00 | OK |
Version: 0.3-5
Check: installed package size
Result: NOTE
installed size is 5.6Mb
sub-directories of 1Mb or more:
doc 2.5Mb
libs 2.8Mb
Flavors: r-release-macos-arm64, r-release-macos-x86_64, r-oldrel-macos-arm64, r-oldrel-macos-x86_64