Last updated on 2024-04-20 12:51:01 CEST.
Flavor | Version | Tinstall | Tcheck | Ttotal | Status | Flags |
---|---|---|---|---|---|---|
r-devel-linux-x86_64-debian-clang | 3.1 | 33.12 | 78.23 | 111.35 | NOTE | |
r-devel-linux-x86_64-debian-gcc | 3.1 | 27.27 | 56.70 | 83.97 | NOTE | |
r-devel-linux-x86_64-fedora-clang | 3.1 | 143.47 | NOTE | |||
r-devel-linux-x86_64-fedora-gcc | 3.1 | 138.77 | NOTE | |||
r-prerel-macos-arm64 | 3.1 | 38.00 | NOTE | |||
r-prerel-windows-x86_64 | 3.1 | 28.00 | 86.00 | 114.00 | NOTE | |
r-patched-linux-x86_64 | 3.1 | 33.15 | 74.56 | 107.71 | NOTE | |
r-release-linux-x86_64 | 3.1 | 28.70 | 76.42 | 105.12 | NOTE | |
r-release-macos-arm64 | 3.1 | 41.00 | NOTE | |||
r-release-macos-x86_64 | 3.1 | 70.00 | NOTE | |||
r-release-windows-x86_64 | 3.1 | 36.00 | 102.00 | 138.00 | NOTE | |
r-oldrel-macos-arm64 | 3.1 | 38.00 | OK | |||
r-oldrel-windows-x86_64 | 3.1 | 33.00 | 108.00 | 141.00 | OK |
Version: 3.1
Check: C++ specification
Result: NOTE
Specified C++11: please drop specification unless essential
Flavors: r-devel-linux-x86_64-debian-clang, r-devel-linux-x86_64-debian-gcc, r-devel-linux-x86_64-fedora-clang, r-devel-linux-x86_64-fedora-gcc, r-prerel-macos-arm64, r-prerel-windows-x86_64, r-patched-linux-x86_64, r-release-linux-x86_64, r-release-macos-arm64, r-release-macos-x86_64, r-release-windows-x86_64
Version: 3.1
Check: Rd files
Result: NOTE
checkRd: (-1) ic.ranks.Rd:46: Lost braces; missing escapes or markup?
46 | \item{n_adjust}{an integer-valued entry for advanced control over the lower- or upper-bound algorithms. When the "adjustL" parameter is TRUE, the new value of n_adjust is chosen automatically as the best adjustment on the lower affine bound of the chi-square quantiles according to the data. If adjustU is TRUE, then n_adjust contains the point at which the upper affine bound is tangent on the chi-square quantiles. Possible values {1,...,n-1}. If both adjustL and adjustU variables are left FALSE, then the default choice is that the lower affine bound passes between the chi-square quantiles at 1 and n-1 degrees of freedom, and the upper affine bound is tangent on n-1.}
| ^
Flavors: r-devel-linux-x86_64-debian-clang, r-devel-linux-x86_64-debian-gcc, r-devel-linux-x86_64-fedora-clang, r-devel-linux-x86_64-fedora-gcc, r-prerel-macos-arm64, r-prerel-windows-x86_64, r-patched-linux-x86_64