Last updated on 2023-10-05 04:01:49 CEST.
Flavor | Version | Tinstall | Tcheck | Ttotal | Status | Flags |
---|---|---|---|---|---|---|
r-devel-linux-x86_64-debian-clang | 1.2.5 | 45.22 | 205.82 | 251.04 | OK | |
r-devel-linux-x86_64-debian-gcc | 1.2.5 | 38.15 | 151.78 | 189.93 | OK | |
r-devel-linux-x86_64-fedora-clang | 1.2.5 | 351.37 | NOTE | |||
r-devel-linux-x86_64-fedora-gcc | 1.2.5 | 343.09 | NOTE | |||
r-devel-windows-x86_64 | 1.2.5 | 43.00 | 162.00 | 205.00 | OK | |
r-patched-linux-x86_64 | 1.2.5 | 36.60 | 195.86 | 232.46 | OK | |
r-release-linux-x86_64 | 1.2.5 | 35.34 | 202.07 | 237.41 | OK | |
r-release-macos-arm64 | 1.2.5 | 116.00 | OK | |||
r-release-macos-x86_64 | 1.2.5 | 174.00 | OK | |||
r-release-windows-x86_64 | 1.2.5 | 57.00 | 196.00 | 253.00 | OK | |
r-oldrel-macos-arm64 | 1.2.5 | 100.00 | OK | |||
r-oldrel-macos-x86_64 | 1.2.5 | 118.00 | OK | |||
r-oldrel-windows-x86_64 | 1.2.5 | 55.00 | 198.00 | 253.00 | OK |
Version: 1.2.5
Check: data for non-ASCII characters
Result: NOTE
Note: found 356712 marked UTF-8 strings
Flavors: r-devel-linux-x86_64-fedora-clang, r-devel-linux-x86_64-fedora-gcc