Last updated on 2023-03-31 11:54:12 CEST.
Flavor | Version | Tinstall | Tcheck | Ttotal | Status | Flags |
---|---|---|---|---|---|---|
r-devel-linux-x86_64-debian-clang | 0.4.3 | 27.96 | 109.69 | 137.65 | NOTE | |
r-devel-linux-x86_64-debian-gcc | 0.4.3 | 20.73 | 84.36 | 105.09 | NOTE | |
r-devel-linux-x86_64-fedora-clang | 0.4.3 | 182.62 | NOTE | |||
r-devel-linux-x86_64-fedora-gcc | 0.4.3 | 180.45 | NOTE | |||
r-devel-windows-x86_64 | 0.4.3 | 80.00 | 217.00 | 297.00 | NOTE | |
r-patched-linux-x86_64 | 0.4.3 | 25.07 | 103.77 | 128.84 | NOTE | |
r-release-linux-x86_64 | 0.4.3 | 25.50 | 104.11 | 129.61 | OK | |
r-release-macos-arm64 | 0.4.3 | 66.00 | OK | |||
r-release-macos-x86_64 | 0.4.3 | 78.00 | OK | |||
r-release-windows-x86_64 | 0.4.3 | 86.00 | 196.00 | 282.00 | OK | |
r-oldrel-macos-arm64 | 0.4.3 | 68.00 | OK | |||
r-oldrel-macos-x86_64 | 0.4.3 | 89.00 | OK | |||
r-oldrel-windows-ix86+x86_64 | 0.4.3 | 65.00 | 388.00 | 453.00 | NOTE |
Version: 0.4.3
Check: C++ specification
Result: NOTE
Specified C++11: please drop specification unless essential
Flavors: r-devel-linux-x86_64-debian-clang, r-devel-linux-x86_64-debian-gcc, r-devel-linux-x86_64-fedora-clang, r-devel-linux-x86_64-fedora-gcc, r-devel-windows-x86_64, r-patched-linux-x86_64
Version: 0.4.3
Check: installed package size
Result: NOTE
installed size is 5.6Mb
sub-directories of 1Mb or more:
data 2.1Mb
doc 1.1Mb
libs 2.1Mb
Flavor: r-oldrel-windows-ix86+x86_64