Last updated on 2024-04-30 21:50:13 CEST.
Flavor | Version | Tinstall | Tcheck | Ttotal | Status | Flags |
---|---|---|---|---|---|---|
r-devel-linux-x86_64-debian-clang | 0.3 | 6.25 | 50.28 | 56.53 | NOTE | |
r-devel-linux-x86_64-debian-gcc | 0.3 | 3.98 | 38.32 | 42.30 | NOTE | |
r-devel-linux-x86_64-fedora-clang | 0.3 | 72.68 | NOTE | |||
r-devel-linux-x86_64-fedora-gcc | 0.3 | 64.41 | NOTE | |||
r-devel-windows-x86_64 | 0.3 | 6.00 | 62.00 | 68.00 | NOTE | |
r-patched-linux-x86_64 | 0.3 | 5.71 | 48.37 | 54.08 | NOTE | |
r-release-linux-x86_64 | 0.3 | 5.74 | 48.26 | 54.00 | NOTE | |
r-release-macos-arm64 | 0.3 | 25.00 | NOTE | |||
r-release-windows-x86_64 | 0.3 | 6.00 | 63.00 | 69.00 | NOTE | |
r-oldrel-macos-arm64 | 0.3 | 26.00 | OK | |||
r-oldrel-macos-x86_64 | 0.3 | 38.00 | OK | |||
r-oldrel-windows-x86_64 | 0.3 | 7.00 | 68.00 | 75.00 | OK |
Version: 0.3
Check: Rd files
Result: NOTE
checkRd: (-1) IATData.Rd:24: Lost braces; missing escapes or markup?
24 | Dan Martin {dpmartin42@gmail.com}
| ^
Flavors: r-devel-linux-x86_64-debian-clang, r-devel-linux-x86_64-debian-gcc, r-devel-linux-x86_64-fedora-clang, r-devel-linux-x86_64-fedora-gcc, r-devel-windows-x86_64, r-patched-linux-x86_64, r-release-linux-x86_64, r-release-macos-arm64, r-release-windows-x86_64