CRAN Package Check Results for Package HypergeoMat

Last updated on 2021-11-30 12:53:34 CET.

Flavor Version Tinstall Tcheck Ttotal Status Flags
r-devel-linux-x86_64-debian-clang 3.1.0 33.28 80.35 113.63 NOTE
r-devel-linux-x86_64-debian-gcc 3.1.0 26.27 62.48 88.75 NOTE
r-devel-linux-x86_64-fedora-clang 3.1.0 183.52 NOTE
r-devel-linux-x86_64-fedora-gcc 3.1.0 157.60 NOTE
r-devel-windows-x86_64-new-UL 3.1.0 48.00 151.00 199.00 NOTE
r-devel-windows-x86_64-new-TK 3.1.0 NOTE
r-devel-windows-x86_64-old 3.1.0 45.00 89.00 134.00 NOTE
r-patched-linux-x86_64 3.1.0 29.59 73.95 103.54 NOTE
r-patched-solaris-x86 3.1.0 179.60 NOTE
r-release-linux-x86_64 3.1.0 29.15 75.30 104.45 NOTE
r-release-macos-arm64 3.1.0 NOTE
r-release-macos-x86_64 3.1.0 NOTE
r-release-windows-ix86+x86_64 3.1.0 83.00 181.00 264.00 NOTE
r-oldrel-macos-x86_64 3.1.0 OK
r-oldrel-windows-ix86+x86_64 3.1.0 56.00 127.00 183.00 OK

Check Details

Version: 3.1.0
Check: LazyData
Result: NOTE
     'LazyData' is specified without a 'data' directory
Flavors: r-devel-linux-x86_64-debian-clang, r-devel-linux-x86_64-debian-gcc, r-devel-linux-x86_64-fedora-clang, r-devel-linux-x86_64-fedora-gcc, r-devel-windows-x86_64-new-UL, r-devel-windows-x86_64-new-TK, r-devel-windows-x86_64-old, r-patched-linux-x86_64, r-patched-solaris-x86, r-release-linux-x86_64, r-release-macos-arm64, r-release-macos-x86_64, r-release-windows-ix86+x86_64