CRAN Package Check Results for Package HyperbolicDist

Last updated on 2025-04-30 12:49:06 CEST.

Flavor Version Tinstall Tcheck Ttotal Status Flags
r-devel-linux-x86_64-debian-clang 0.6-5 6.42 55.89 62.31 NOTE
r-devel-linux-x86_64-debian-gcc 0.6-5 4.19 38.41 42.60 NOTE
r-devel-linux-x86_64-fedora-clang 0.6-5 97.40 OK
r-devel-linux-x86_64-fedora-gcc 0.6-5 91.86 OK
r-devel-windows-x86_64 0.6-5 8.00 87.00 95.00 OK
r-patched-linux-x86_64 0.6-5 6.71 52.63 59.34 OK
r-release-linux-x86_64 0.6-5 5.61 52.32 57.93 OK
r-release-macos-arm64 0.6-5 31.00 OK
r-release-macos-x86_64 0.6-5 91.00 OK
r-release-windows-x86_64 0.6-5 7.00 86.00 93.00 OK
r-oldrel-macos-arm64 0.6-5 33.00 OK
r-oldrel-macos-x86_64 0.6-5 74.00 OK
r-oldrel-windows-x86_64 0.6-5 6.00 91.00 97.00 OK

Check Details

Version: 0.6-5
Check: CRAN incoming feasibility
Result: NOTE Maintainer: ‘David Scott <d.scott@auckland.ac.nz>’ No Authors@R field in DESCRIPTION. Please add one, modifying Authors@R: person(given = "David", family = "Scott", role = c("aut", "cre"), email = "d.scott@auckland.ac.nz") as necessary. Flavors: r-devel-linux-x86_64-debian-clang, r-devel-linux-x86_64-debian-gcc