CRAN Package Check Results for Package HistData

Last updated on 2020-02-17 03:49:11 CET.

Flavor Version Tinstall Tcheck Ttotal Status Flags
r-devel-linux-x86_64-debian-clang 0.8-6 2.54 35.87 38.41 ERROR
r-devel-linux-x86_64-debian-gcc 0.8-6 1.99 28.02 30.01 ERROR
r-devel-linux-x86_64-fedora-clang 0.8-6 60.14 NOTE
r-devel-windows-ix86+x86_64 0.8-6 7.00 76.00 83.00 OK
r-devel-windows-ix86+x86_64-gcc8 0.8-6 10.00 97.00 107.00 OK
r-patched-linux-x86_64 0.8-6 2.22 42.59 44.81 OK
r-patched-solaris-x86 0.8-6 81.90 OK
r-release-linux-x86_64 0.8-6 1.99 43.10 45.09 OK
r-release-windows-ix86+x86_64 0.8-6 5.00 60.00 65.00 OK
r-release-osx-x86_64 0.8-6 OK
r-oldrel-windows-ix86+x86_64 0.8-6 4.00 59.00 63.00 OK
r-oldrel-osx-x86_64 0.8-6 OK

Check Details

Version: 0.8-6
Check: package dependencies
Result: NOTE
    Packages suggested but not available for checking: 'car', 'heplots'
Flavors: r-devel-linux-x86_64-debian-clang, r-devel-linux-x86_64-debian-gcc

Version: 0.8-6
Check: examples
Result: ERROR
    Running examples in 'HistData-Ex.R' failed
    The error most likely occurred in:
    
    > base::assign(".ptime", proc.time(), pos = "CheckExEnv")
    > ### Name: Cholera
    > ### Title: William Farr's Data on Cholera in London, 1849
    > ### Aliases: Cholera
    > ### Keywords: datasets
    >
    > ### ** Examples
    >
    > data(Cholera)
    >
    > # plot cholera deaths vs. elevation
    > plot(cholera_drate ~ elevation, data=Cholera,
    + pch=16, cex.lab=1.2, cex=1.2,
    + xlab="Elevation above high water mark (ft)",
    + ylab="Deaths from cholera in 1849 per 10,000")
    >
    > # Farr's mortality ~ 1/ elevation law
    > elev <- c(0, 10, 30, 50, 70, 90, 100, 350)
    > mort <- c(174, 99, 53, 34, 27, 22, 20, 6)
    > lines(mort ~ elev, lwd=2, col="blue")
    >
    > # better plots, using car::scatterplot
    > library(car)
    Error in library(car) : there is no package called 'car'
    Execution halted
Flavors: r-devel-linux-x86_64-debian-clang, r-devel-linux-x86_64-debian-gcc

Version: 0.8-6
Check: package dependencies
Result: NOTE
    Suggests orphaned package: ‘gplots’
Flavor: r-devel-linux-x86_64-fedora-clang