CRAN Package Check Results for Package HistData

Last updated on 2020-09-25 06:50:00 CEST.

Flavor Version Tinstall Tcheck Ttotal Status Flags
r-devel-linux-x86_64-debian-clang 0.8-6 2.49 52.50 54.99 NOTE
r-devel-linux-x86_64-debian-gcc 0.8-6 1.86 40.03 41.89 NOTE
r-devel-linux-x86_64-fedora-clang 0.8-6 79.30 NOTE
r-devel-linux-x86_64-fedora-gcc 0.8-6 67.93 NOTE
r-devel-windows-ix86+x86_64 0.8-6 7.00 82.00 89.00 OK
r-patched-linux-x86_64 0.8-6 2.36 51.60 53.96 NOTE
r-patched-solaris-x86 0.8-6 93.20 NOTE
r-release-linux-x86_64 0.8-6 2.74 50.72 53.46 NOTE
r-release-macos-x86_64 0.8-6 OK
r-release-windows-ix86+x86_64 0.8-6 7.00 126.00 133.00 OK
r-oldrel-macos-x86_64 0.8-6 OK
r-oldrel-windows-ix86+x86_64 0.8-6 26.00 79.00 105.00 OK

Check Details

Version: 0.8-6
Check: Rd cross-references
Result: NOTE
    Unknown package 'alr3' in Rd xrefs
Flavors: r-devel-linux-x86_64-debian-clang, r-devel-linux-x86_64-debian-gcc, r-devel-linux-x86_64-fedora-gcc, r-patched-linux-x86_64, r-patched-solaris-x86, r-release-linux-x86_64

Version: 0.8-6
Check: Rd cross-references
Result: NOTE
    Undeclared packages ‘Guerry’, ‘alr3’, ‘agridat’, ‘coin’ in Rd xrefs
    Unknown package ‘alr3’ in Rd xrefs
Flavor: r-devel-linux-x86_64-fedora-clang