Last updated on 2025-01-21 03:50:03 CET.
Flavor | Version | Tinstall | Tcheck | Ttotal | Status | Flags |
---|---|---|---|---|---|---|
r-devel-linux-x86_64-debian-clang | 1.0.8 | 59.59 | 125.37 | 184.96 | OK | |
r-devel-linux-x86_64-debian-gcc | 1.0.8 | 37.49 | 86.53 | 124.02 | OK | |
r-devel-linux-x86_64-fedora-clang | 1.0.8 | 298.22 | OK | |||
r-devel-linux-x86_64-fedora-gcc | 1.0.8 | 287.33 | OK | |||
r-devel-windows-x86_64 | 1.0.8 | 55.00 | 159.00 | 214.00 | OK | |
r-patched-linux-x86_64 | 1.0.8 | 53.82 | 113.63 | 167.45 | OK | |
r-release-linux-x86_64 | 1.0.8 | 51.27 | 114.95 | 166.22 | OK | |
r-release-macos-arm64 | 1.0.8 | 72.00 | NOTE | |||
r-release-macos-x86_64 | 1.0.8 | 108.00 | NOTE | |||
r-release-windows-x86_64 | 1.0.8 | 58.00 | 168.00 | 226.00 | OK | |
r-oldrel-macos-arm64 | 1.0.8 | 81.00 | NOTE | |||
r-oldrel-macos-x86_64 | 1.0.8 | 176.00 | NOTE | |||
r-oldrel-windows-x86_64 | 1.0.8 | 65.00 | 203.00 | 268.00 | OK |
Version: 1.0.8
Check: installed package size
Result: NOTE
installed size is 6.9Mb
sub-directories of 1Mb or more:
data 1.0Mb
libs 4.9Mb
Flavors: r-release-macos-arm64, r-release-macos-x86_64, r-oldrel-macos-arm64, r-oldrel-macos-x86_64