Last updated on 2023-03-29 03:53:05 CEST.
Flavor | Version | Tinstall | Tcheck | Ttotal | Status | Flags |
---|---|---|---|---|---|---|
r-devel-linux-x86_64-debian-clang | 0.1.0 | 3.35 | 42.99 | 46.34 | OK | |
r-devel-linux-x86_64-debian-gcc | 0.1.0 | 3.73 | 33.19 | 36.92 | OK | |
r-devel-linux-x86_64-fedora-clang | 0.1.0 | 60.13 | NOTE | |||
r-devel-linux-x86_64-fedora-gcc | 0.1.0 | 68.43 | NOTE | |||
r-devel-windows-x86_64 | 0.1.0 | 26.00 | 79.00 | 105.00 | OK | |
r-patched-linux-x86_64 | 0.1.0 | 4.72 | 40.96 | 45.68 | OK | |
r-release-linux-x86_64 | 0.1.0 | 3.18 | 42.78 | 45.96 | OK | |
r-release-macos-arm64 | 0.1.0 | 23.00 | NOTE | |||
r-release-macos-x86_64 | 0.1.0 | 29.00 | NOTE | |||
r-release-windows-x86_64 | 0.1.0 | 20.00 | 78.00 | 98.00 | OK | |
r-oldrel-macos-arm64 | 0.1.0 | 29.00 | NOTE | |||
r-oldrel-macos-x86_64 | 0.1.0 | 39.00 | NOTE | |||
r-oldrel-windows-ix86+x86_64 | 0.1.0 | 11.00 | 68.00 | 79.00 | OK |
Version: 0.1.0
Check: dependencies in R code
Result: NOTE
Namespaces in Imports field not imported from:
‘MASS’ ‘Matrix’
All declared Imports should be used.
Flavors: r-devel-linux-x86_64-fedora-clang, r-devel-linux-x86_64-fedora-gcc, r-release-macos-arm64, r-release-macos-x86_64, r-oldrel-macos-arm64, r-oldrel-macos-x86_64