Last updated on 2024-03-29 06:56:28 CET.
Flavor | Version | Tinstall | Tcheck | Ttotal | Status | Flags |
---|---|---|---|---|---|---|
r-devel-linux-x86_64-debian-clang | 1.2.2 | 10.81 | 150.99 | 161.80 | OK | |
r-devel-linux-x86_64-debian-gcc | 1.2.2 | 7.58 | 114.78 | 122.36 | OK | |
r-devel-linux-x86_64-fedora-clang | 1.2.2 | 199.84 | NOTE | |||
r-devel-linux-x86_64-fedora-gcc | 1.2.2 | 203.17 | NOTE | |||
r-devel-windows-x86_64 | 1.2.2 | 12.00 | 126.00 | 138.00 | NOTE | |
r-patched-linux-x86_64 | 1.2.2 | 14.28 | 146.24 | 160.52 | OK | |
r-release-linux-x86_64 | 1.2.2 | 6.50 | 143.09 | 149.59 | OK | |
r-release-macos-arm64 | 1.2.2 | 70.00 | NOTE | |||
r-release-macos-x86_64 | 1.2.2 | 119.00 | NOTE | |||
r-release-windows-x86_64 | 1.2.2 | 13.00 | 162.00 | 175.00 | NOTE | |
r-oldrel-macos-arm64 | 1.2.2 | 57.00 | NOTE | |||
r-oldrel-windows-x86_64 | 1.2.2 | 15.00 | 164.00 | 179.00 | NOTE |
Version: 1.2.2
Check: installed package size
Result: NOTE
installed size is 8.2Mb
sub-directories of 1Mb or more:
HaDeX 4.1Mb
doc 4.0Mb
Flavors: r-devel-linux-x86_64-fedora-clang, r-devel-windows-x86_64, r-release-macos-arm64, r-release-macos-x86_64, r-release-windows-x86_64, r-oldrel-macos-arm64, r-oldrel-windows-x86_64
Version: 1.2.2
Check: dependencies in R code
Result: NOTE
Namespaces in Imports field not imported from:
‘DT’ ‘gsubfn’ ‘stringr’
All declared Imports should be used.
Flavors: r-devel-linux-x86_64-fedora-clang, r-devel-linux-x86_64-fedora-gcc, r-oldrel-macos-arm64