Last updated on 2024-03-29 06:56:28 CET.
Flavor | Version | Tinstall | Tcheck | Ttotal | Status | Flags |
---|---|---|---|---|---|---|
r-devel-linux-x86_64-debian-clang | 2.0 | 29.88 | 45.30 | 75.18 | NOTE | |
r-devel-linux-x86_64-debian-gcc | 2.0 | 19.17 | 35.29 | 54.46 | NOTE | |
r-devel-linux-x86_64-fedora-clang | 2.0 | 91.49 | NOTE | |||
r-devel-linux-x86_64-fedora-gcc | 2.0 | 91.00 | NOTE | |||
r-devel-windows-x86_64 | 2.0 | 23.00 | 75.00 | 98.00 | NOTE | |
r-patched-linux-x86_64 | 2.0 | 25.36 | 44.43 | 69.79 | NOTE | |
r-release-linux-x86_64 | 2.0 | 16.97 | 43.65 | 60.62 | OK | |
r-release-macos-arm64 | 2.0 | 30.00 | OK | |||
r-release-macos-x86_64 | 2.0 | 42.00 | OK | |||
r-release-windows-x86_64 | 2.0 | 28.00 | 87.00 | 115.00 | OK | |
r-oldrel-macos-arm64 | 2.0 | 24.00 | OK | |||
r-oldrel-windows-x86_64 | 2.0 | 29.00 | 88.00 | 117.00 | OK |
Version: 2.0
Check: Rd files
Result: NOTE
checkRd: (-1) CalcROC.Rd:47: Lost braces
47 | The accuracy of the classifier is the mean value of dQuote{(optSn, optSp)} for two-class problem and the mean value of \dQuote{(optSn, optSp,optS3)} for three-class problem.
| ^
Flavors: r-devel-linux-x86_64-debian-clang, r-devel-linux-x86_64-debian-gcc, r-devel-linux-x86_64-fedora-clang, r-devel-linux-x86_64-fedora-gcc, r-devel-windows-x86_64, r-patched-linux-x86_64