Last updated on 2025-04-30 12:49:06 CEST.
Flavor | Version | Tinstall | Tcheck | Ttotal | Status | Flags |
---|---|---|---|---|---|---|
r-devel-linux-x86_64-debian-clang | 2.0 | 13.11 | 36.09 | 49.20 | NOTE | |
r-devel-linux-x86_64-debian-gcc | 2.0 | 10.52 | 28.85 | 39.37 | NOTE | |
r-devel-linux-x86_64-fedora-clang | 2.0 | 86.21 | NOTE | |||
r-devel-linux-x86_64-fedora-gcc | 2.0 | 81.24 | NOTE | |||
r-devel-windows-x86_64 | 2.0 | 21.00 | 75.00 | 96.00 | NOTE | |
r-patched-linux-x86_64 | 2.0 | 14.54 | 34.93 | 49.47 | NOTE | |
r-release-linux-x86_64 | 2.0 | 14.02 | 34.82 | 48.84 | NOTE | |
r-release-macos-arm64 | 2.0 | 29.00 | NOTE | |||
r-release-macos-x86_64 | 2.0 | 49.00 | NOTE | |||
r-release-windows-x86_64 | 2.0 | 22.00 | 73.00 | 95.00 | NOTE | |
r-oldrel-macos-arm64 | 2.0 | 28.00 | NOTE | |||
r-oldrel-macos-x86_64 | 2.0 | 43.00 | NOTE | |||
r-oldrel-windows-x86_64 | 2.0 | 23.00 | 86.00 | 109.00 | NOTE |
Version: 2.0
Check: CRAN incoming feasibility
Result: NOTE
Maintainer: ‘Natalia Novoselova <novos65@mail.ru>’
No Authors@R field in DESCRIPTION.
Please add one, modifying
Authors@R: c(person(given = c("Natalia", "Novoselova,Junxi", "Wang,Jialiang"),
family = "Li",
role = "aut"),
person(given = c("Frank", "Pessler,Frank"),
family = "Klawonn",
role = "aut"),
person(given = "Natalia",
family = "Novoselova",
role = "cre",
email = "novos65@mail.ru"))
as necessary.
Flavors: r-devel-linux-x86_64-debian-clang, r-devel-linux-x86_64-debian-gcc
Version: 2.0
Check: Rd files
Result: NOTE
checkRd: (-1) CalcROC.Rd:47: Lost braces
47 | The accuracy of the classifier is the mean value of dQuote{(optSn, optSp)} for two-class problem and the mean value of \dQuote{(optSn, optSp,optS3)} for three-class problem.
| ^
Flavors: r-devel-linux-x86_64-debian-clang, r-devel-linux-x86_64-debian-gcc, r-devel-linux-x86_64-fedora-clang, r-devel-linux-x86_64-fedora-gcc, r-devel-windows-x86_64, r-patched-linux-x86_64, r-release-linux-x86_64, r-release-macos-arm64, r-release-macos-x86_64, r-release-windows-x86_64, r-oldrel-macos-arm64, r-oldrel-macos-x86_64, r-oldrel-windows-x86_64