CRAN Package Check Results for Package HSPOR

Last updated on 2022-09-28 03:54:56 CEST.

Flavor Version Tinstall Tcheck Ttotal Status Flags
r-devel-linux-x86_64-debian-clang 1.1.9 17.15 119.85 137.00 NOTE
r-devel-linux-x86_64-debian-gcc 1.1.9 13.71 88.95 102.66 NOTE
r-devel-linux-x86_64-fedora-clang 1.1.9 172.58 NOTE
r-devel-linux-x86_64-fedora-gcc 1.1.9 165.67 NOTE
r-devel-windows-x86_64 1.1.9 35.00 131.00 166.00 NOTE
r-patched-linux-x86_64 1.1.9 16.23 114.26 130.49 NOTE
r-release-linux-x86_64 1.1.9 14.74 112.50 127.24 NOTE
r-release-macos-arm64 1.1.9 43.00 NOTE
r-release-macos-x86_64 1.1.9 77.00 NOTE
r-release-windows-x86_64 1.1.9 35.00 135.00 170.00 NOTE
r-oldrel-macos-arm64 1.1.9 47.00 NOTE
r-oldrel-macos-x86_64 1.1.9 84.00 NOTE
r-oldrel-windows-ix86+x86_64 1.1.9 33.00 130.00 163.00 NOTE

Check Details

Version: 1.1.9
Check: LazyData
Result: NOTE
     'LazyData' is specified without a 'data' directory
Flavors: r-devel-linux-x86_64-debian-clang, r-devel-linux-x86_64-debian-gcc, r-devel-linux-x86_64-fedora-clang, r-devel-linux-x86_64-fedora-gcc, r-devel-windows-x86_64, r-patched-linux-x86_64, r-release-linux-x86_64, r-release-macos-arm64, r-release-macos-x86_64, r-release-windows-x86_64, r-oldrel-macos-arm64, r-oldrel-macos-x86_64, r-oldrel-windows-ix86+x86_64