CRAN Package Check Results for Package HSPOR

Last updated on 2021-10-16 11:51:53 CEST.

Flavor Version Tinstall Tcheck Ttotal Status Flags
r-devel-linux-x86_64-debian-clang 1.1.9 13.98 103.44 117.42 NOTE
r-devel-linux-x86_64-debian-gcc 1.1.9 10.84 77.68 88.52 NOTE
r-devel-linux-x86_64-fedora-clang 1.1.9 148.08 NOTE
r-devel-linux-x86_64-fedora-gcc 1.1.9 136.36 NOTE
r-devel-windows-x86_64 1.1.9 22.00 92.00 114.00 NOTE
r-devel-windows-x86_64-gcc10-UCRT 1.1.9 NOTE
r-patched-linux-x86_64 1.1.9 14.19 97.87 112.06 NOTE
r-patched-solaris-x86 1.1.9 187.80 NOTE
r-release-linux-x86_64 1.1.9 12.19 97.98 110.17 NOTE
r-release-macos-arm64 1.1.9 NOTE
r-release-macos-x86_64 1.1.9 NOTE
r-release-windows-ix86+x86_64 1.1.9 30.00 119.00 149.00 NOTE
r-oldrel-macos-x86_64 1.1.9 OK
r-oldrel-windows-ix86+x86_64 1.1.9 30.00 121.00 151.00 OK

Check Details

Version: 1.1.9
Check: LazyData
Result: NOTE
     'LazyData' is specified without a 'data' directory
Flavors: r-devel-linux-x86_64-debian-clang, r-devel-linux-x86_64-debian-gcc, r-devel-linux-x86_64-fedora-clang, r-devel-linux-x86_64-fedora-gcc, r-devel-windows-x86_64, r-devel-windows-x86_64-gcc10-UCRT, r-patched-linux-x86_64, r-patched-solaris-x86, r-release-linux-x86_64, r-release-macos-arm64, r-release-macos-x86_64, r-release-windows-ix86+x86_64