Last updated on 2023-03-29 03:53:05 CEST.
Flavor | Version | Tinstall | Tcheck | Ttotal | Status | Flags |
---|---|---|---|---|---|---|
r-devel-linux-x86_64-debian-clang | 1.0.0 | 2.65 | 32.85 | 35.50 | NOTE | |
r-devel-linux-x86_64-debian-gcc | 1.0.0 | 2.49 | 25.19 | 27.68 | NOTE | |
r-devel-linux-x86_64-fedora-clang | 1.0.0 | 45.61 | NOTE | |||
r-devel-linux-x86_64-fedora-gcc | 1.0.0 | 41.70 | NOTE | |||
r-devel-windows-x86_64 | 1.0.0 | 12.00 | 0.00 | 12.00 | NOTE | |
r-patched-linux-x86_64 | 1.0.0 | 2.90 | 31.62 | 34.52 | NOTE | |
r-release-linux-x86_64 | 1.0.0 | 3.07 | 32.85 | 35.92 | NOTE | |
r-release-macos-arm64 | 1.0.0 | 17.00 | NOTE | |||
r-release-macos-x86_64 | 1.0.0 | 26.00 | NOTE | |||
r-release-windows-x86_64 | 1.0.0 | 12.00 | 60.00 | 72.00 | NOTE | |
r-oldrel-macos-arm64 | 1.0.0 | 22.00 | NOTE | |||
r-oldrel-macos-x86_64 | 1.0.0 | 43.00 | NOTE | |||
r-oldrel-windows-ix86+x86_64 | 1.0.0 | 8.00 | 58.00 | 66.00 | NOTE |
Version: 1.0.0
Check: LazyData
Result: NOTE
'LazyData' is specified without a 'data' directory
Flavors: r-devel-linux-x86_64-debian-clang, r-devel-linux-x86_64-debian-gcc, r-devel-linux-x86_64-fedora-clang, r-devel-linux-x86_64-fedora-gcc, r-devel-windows-x86_64, r-patched-linux-x86_64, r-release-linux-x86_64, r-release-macos-arm64, r-release-macos-x86_64, r-release-windows-x86_64, r-oldrel-macos-arm64, r-oldrel-macos-x86_64, r-oldrel-windows-ix86+x86_64