CRAN Package Check Results for Package HMP

Last updated on 2024-02-25 06:08:31 CET.

Flavor Version Tinstall Tcheck Ttotal Status Flags
r-devel-linux-x86_64-debian-clang 2.0.1 13.86 120.93 134.79 OK
r-devel-linux-x86_64-debian-gcc 2.0.1 10.54 87.96 98.50 OK
r-devel-linux-x86_64-fedora-clang 2.0.1 157.95 NOTE
r-devel-linux-x86_64-fedora-gcc 2.0.1 168.29 OK
r-devel-windows-x86_64 2.0.1 13.00 119.00 132.00 OK
r-patched-linux-x86_64 2.0.1 12.74 115.12 127.86 OK
r-release-linux-x86_64 2.0.1 14.49 113.76 128.25 OK
r-release-macos-arm64 2.0.1 64.00 OK
r-release-macos-x86_64 2.0.1 91.00 OK
r-release-windows-x86_64 2.0.1 15.00 139.00 154.00 OK
r-oldrel-macos-arm64 2.0.1 51.00 OK
r-oldrel-windows-x86_64 2.0.1 17.00 146.00 163.00 OK

Check Details

Version: 2.0.1
Check: Rd cross-references
Result: NOTE Undeclared package ‘genalg’ in Rd xrefs Flavor: r-devel-linux-x86_64-fedora-clang