CRAN Package Check Results for Package HMP

Last updated on 2020-10-01 21:47:07 CEST.

Flavor Version Tinstall Tcheck Ttotal Status Flags
r-devel-linux-x86_64-debian-clang 2.0.1 12.16 101.67 113.83 OK
r-devel-linux-x86_64-debian-gcc 2.0.1 10.01 77.48 87.49 OK
r-devel-linux-x86_64-fedora-clang 2.0.1 141.02 NOTE
r-devel-linux-x86_64-fedora-gcc 2.0.1 142.36 OK
r-devel-windows-ix86+x86_64 2.0.1 27.00 136.00 163.00 OK
r-patched-linux-x86_64 2.0.1 10.44 96.93 107.37 OK
r-patched-solaris-x86 2.0.1 193.00 OK
r-release-linux-x86_64 2.0.1 11.92 94.40 106.32 OK
r-release-macos-x86_64 2.0.1 OK
r-release-windows-ix86+x86_64 2.0.1 27.00 133.00 160.00 OK
r-oldrel-macos-x86_64 2.0.1 OK
r-oldrel-windows-ix86+x86_64 2.0.1 23.00 127.00 150.00 OK

Check Details

Version: 2.0.1
Check: Rd cross-references
Result: NOTE
    Undeclared package ‘genalg’ in Rd xrefs
Flavor: r-devel-linux-x86_64-fedora-clang