CRAN Package Check Results for Package HLMdiag

Last updated on 2023-06-02 05:58:00 CEST.

Flavor Version Tinstall Tcheck Ttotal Status Flags
r-devel-linux-x86_64-debian-clang 0.5.0 106.96 298.96 405.92 NOTE
r-devel-linux-x86_64-debian-gcc 0.5.0 84.57 227.26 311.83 NOTE
r-devel-linux-x86_64-fedora-clang 0.5.0 542.33 NOTE
r-devel-linux-x86_64-fedora-gcc 0.5.0 565.10 NOTE
r-devel-windows-x86_64 0.5.0 79.00 248.00 327.00 NOTE
r-patched-linux-x86_64 0.5.0 NOTE
r-release-linux-x86_64 0.5.0 92.77 286.66 379.43 NOTE
r-release-macos-arm64 0.5.0 155.00 NOTE
r-release-macos-x86_64 0.5.0 260.00 NOTE
r-release-windows-x86_64 0.5.0 109.00 316.00 425.00 NOTE
r-oldrel-macos-arm64 0.5.0 130.00 OK
r-oldrel-macos-x86_64 0.5.0 254.00 OK
r-oldrel-windows-x86_64 0.5.0 105.00 290.00 395.00 OK

Check Details

Version: 0.5.0
Check: C++ specification
Result: NOTE
     Specified C++11: please drop specification unless essential
Flavors: r-devel-linux-x86_64-debian-clang, r-devel-linux-x86_64-debian-gcc, r-devel-linux-x86_64-fedora-clang, r-devel-linux-x86_64-fedora-gcc, r-devel-windows-x86_64, r-patched-linux-x86_64, r-release-linux-x86_64, r-release-macos-arm64, r-release-macos-x86_64, r-release-windows-x86_64